{"id":80,"date":"2011-01-02T16:55:54","date_gmt":"2011-01-02T15:55:54","guid":{"rendered":"http:\/\/cornelia.siteware.ch\/cms\/?page_id=80"},"modified":"2012-05-15T21:15:01","modified_gmt":"2012-05-15T20:15:01","slug":"laute-und-buchstaben","status":"publish","type":"page","link":"https:\/\/cornelia.siteware.ch\/cms\/daf-daz-2\/aussprache\/laute-und-buchstaben","title":{"rendered":"Laute und Buchstaben"},"content":{"rendered":"<p><a name=\"laute\"><\/a><strong>Alphabet<\/strong><\/p>\n<ul>\n<li>Aussprache des deutschen Alphabeths. Mit Audiofiles. Erkl\u00e4rt auch die Aussprache von Konsonanten. Die Site ist auf Englisch.<br \/>\n<a href=\"http:\/\/german.about.com\/library\/anfang\/blanfang_abc.htm\">http:\/\/german.about.com\/library\/anfang\/blanfang_abc.htm<\/a><\/li>\n<li><a href=\"\/blog\/wordpress\/2009\/09\/20\/uni-alphabet\">Uni-Alphabet<\/a> Arbeitsblatt mit wichtigen Ausdr\u00fccken rund um die Universit\u00e4t. Mit IPA. F\u00fcr Anf\u00e4nger.<\/li>\n<\/ul>\n<p><strong>Auslautverh\u00e4rtung<\/strong><\/p>\n<ul>\n<li>\u00dcbung zur Auslautverh\u00e4rtung.<br \/>\n<a href=\"http:\/\/www.interdeutsch.de\/Uebungen\/auslaut.html\">http:\/\/www.interdeutsch.de\/Uebungen\/auslaut.html<br \/>\n<\/a><\/li>\n<\/ul>\n<p><strong>CH<\/strong><\/p>\n<ul>\n<li><a href=\"\/blog\/wordpress\/2005\/12\/12\/aussprache-und-rechtschreibung-ch\">Aussprache und Rechtschreibung von CH<\/a><\/li>\n<li>\u00dcbungsblatt zum CH von der deutschen Welle (pdf):\u00a0<a href=\"http:\/\/deutschkurse.dw-world.de\/MARCHIV\/63\/00\/00\/00\/00\/XML\/AssetRepository\/html\/arbeitsblatt\/l10_de\/download\/10_lektion\/10_lehrer\/Lektion10-Lehrer-Aussprache.pdf\"> http:\/\/deutschkurse.dw-world.de\/MARCHIV\/63\/00\/00\/00\/00\/XML\/AssetRepository\/html\/arbeitsblatt\/l10_de\/download\/10_lektion\/10_lehrer\/Lektion10-Lehrer-Aussprache.pdf<\/a><\/li>\n<li><a href=\"\/blog\/wordpress\/2010\/12\/31\/ausspracheubungen-zum-ch\">Beitrag<\/a> im DaF-Blog mit Arbeitsblatt zum CH (Worddatei und Pdf, mit L\u00f6sungen<\/li>\n<\/ul>\n<p><strong>Graphem-Phonem-Beziehung <\/strong><br \/>\n(Beziehung zwischen Buchstabe und Laut).<\/p>\n<ul>\n<li><a href=\"\/blog\/wordpress\/2008\/12\/18\/memory-squid-phonem-grapehm-beziehung-festigen\">Anleitung<\/a> zur Festigung der Phonem-Graphem-Beziehungen mit Memorysquid.<\/li>\n<li>Tabelle der Laut-Buchstabenbeziehungen im Deutschen aus dem Deutschkurs der deutschen Welle (pdf)<br \/>\n<a href=\"..\/..\/phonetik\/www.dw-world.de\/popups\/popup_pdf\/0,,2826353,00.pdf\">www.dw-world.de\/popups\/popup_pdf\/0,,2826353,00.pdf<\/a><\/li>\n<li>Erkl\u00e4rungen zu <a href=\"\/blog\/wordpress\/2010\/01\/30\/f-und-v\">f und v<\/a> sowie Vorschl\u00e4ge f\u00fcr \u00dcbungen<\/li>\n<li><a href=\"\/blog\/wordpress\/2009\/07\/28\/das-z\">Das Z<\/a> im Deutschen<\/li>\n<\/ul>\n<p><strong>Diphthonge<\/strong><\/p>\n<ul>\n<li>H\u00f6rtext zur <a href=\"\/phonetik\/ieei.html\">Unterscheidung von ie\/ei<\/a> mit Schreib\u00fcbung.<\/li>\n<\/ul>\n<p><strong>Die Laute des Deutschen<\/strong><\/p>\n<ul>\n<li>phonetics: Animationen und Videos zur Lautbildung: <a href=\"http:\/\/www.uiowa.edu\/~acadtech\/phonetics\/\">http:\/\/www.uiowa.edu\/~acadtech\/phonetics\/<\/a><\/li>\n<li>\u00dcbersicht mit Beispielen zum Anh\u00f6ren: <a href=\"http:\/\/www.ex.ac.uk\/german\/abinitio\/pronounce\/\">http:\/\/www.ex.ac.uk\/german\/abinitio\/pronounce\/<\/a> (sehr empfehlenswert). Die Site ist auf Englisch.<\/li>\n<li>Beschreibung der deutschen Laute in Bezug auf das Englische. Auf Englisch. Die Aussprachebeispiele wurden leider nicht mit archiviert.<br \/>\n<a href=\"http:\/\/web.archive.org\/web\/20030605161102\/www.wm.edu\/CAS\/modlang\/gasmit\/pronunciation\/pronunce.html\">http:\/\/web.archive.org\/web\/20030605161102\/www.wm.edu\/&#8230;\/pronunce.html<\/a><\/li>\n<li>\u00dcbungen zu den einzelnen Lauten des Deutschen. Jeweils ein Satz mit einer H\u00e4ufung des jeweiligen Ph\u00e4nomens. Die S\u00e4tze liegen im MP3-Formatvor.<br \/>\n<a href=\"http:\/\/www.theateraufcd.de\/Lautschule\/Default.aspx\">http:\/\/www.theateraufcd.de\/uebung_a.htm<\/a> (Im Moment nicht verf\u00fcgbar. Stand: 10.04.11)<\/li>\n<\/ul>\n<p><strong>Rechtschreibung und Aussprache<\/strong><\/p>\n<ul>\n<li>Erl\u00e4utert einige <a href=\"\/phonetik\/rechtschreibung.html\">Ausspracheregeln, die man aus der Schreibweise<\/a> ableiten kann.<br \/>\nDie Regeln sind auch als <a href=\"\/phonetik\/arbeitsblphonet\/rechtschreibung.pdf\">PDF<\/a> verf\u00fcgbar.<\/li>\n<\/ul>\n<p><strong>stimmlose\/stimmhafte Konsonanten<\/strong><\/p>\n<ul>\n<li>H\u00f6r\u00fcbung zur Unterscheidung von stimmhaften und entstimmten Konsonanten.<br \/>\n<a href=\"http:\/\/www.stufen.de\/index.php?name=EZCMS&amp;menu=1&amp;page_id=128\">http:\/\/www.stufen.de\/index.php?name=EZCMS&amp;menu=1&amp;page_id=128<\/a><\/li>\n<li>Unterschiede zwischen <a href=\"\/blog\/wordpress\/2010\/11\/01\/was-ist-der-unterschied-zwischen-b-b-und-b\">b und p<\/a><\/li>\n<\/ul>\n<p><strong>Umlaute<\/strong><\/p>\n<ul>\n<li>Erkl\u00e4rungen zum &#8222;\u00d6 und \u00dc auf Englisch<\/li>\n<li>H\u00f6r\u00fcbung zu den deutschen Umlauten (Diskrimation) <a href=\"http:\/\/www.interdeutsch.de\/Uebungen\/umlaut.htm\">http:\/\/www.interdeutsch.de\/Uebungen\/umlaut.htm<\/a><\/li>\n<\/ul>\n<p><strong>Vokale<\/strong><\/p>\n<ul>\n<li>lange und kurze Vokale zum Thema &#8222;Einkaufen&#8220;<br \/>\n<a href=\"http:\/\/LearningApps.org\/51093\">http:\/\/LearningApps.org\/51093<\/a><\/li>\n<\/ul>\n<p><strong>Zungenbrecher<\/strong><\/p>\n<ul>\n<li>langes A: Zungenbrecher &#8222;Herr von Hagen&#8220; zum Anh\u00f6ren.<br \/>\n<a href=\"http:\/\/www.stufen.de\/index.php?name=EZCMS&amp;menu=1&amp;page_id=132\">http:\/\/www.stufen.de\/index.php?name=EZCMS&amp;menu=1&amp;page_id=132<br \/>\n<\/a><\/li>\n<li>Zungenbrechervideos auf Youtube<br \/>\n<a href=\"http:\/\/www.youtube.com\/view_play_list?p=897C45196F1E54E1\">http:\/\/www.youtube.com\/view_play_list?p=897C45196F1E54E1<\/a><\/li>\n<\/ul>\n","protected":false},"excerpt":{"rendered":"<p>Alphabet Aussprache des deutschen Alphabeths. Mit Audiofiles. Erkl\u00e4rt auch die Aussprache von Konsonanten. Die Site ist auf Englisch. http:\/\/german.about.com\/library\/anfang\/blanfang_abc.htm Uni-Alphabet Arbeitsblatt mit wichtigen Ausdr\u00fccken rund um die Universit\u00e4t. Mit IPA. F\u00fcr Anf\u00e4nger. Auslautverh\u00e4rtung \u00dcbung zur Auslautverh\u00e4rtung. http:\/\/www.interdeutsch.de\/Uebungen\/auslaut.html CH Aussprache und Rechtschreibung von CH \u00dcbungsblatt zum CH von der deutschen Welle (pdf):\u00a0 http:\/\/deutschkurse.dw-world.de\/MARCHIV\/63\/00\/00\/00\/00\/XML\/AssetRepository\/html\/arbeitsblatt\/l10_de\/download\/10_lektion\/10_lehrer\/Lektion10-Lehrer-Aussprache.pdf Beitrag im DaF-Blog <a href='https:\/\/cornelia.siteware.ch\/cms\/daf-daz-2\/aussprache\/laute-und-buchstaben' class='excerpt-more'>[&#8230;]<\/a><\/p>\n","protected":false},"author":4,"featured_media":0,"parent":7,"menu_order":4,"comment_status":"open","ping_status":"open","template":"","meta":{"footnotes":"","_links_to":"","_links_to_target":""},"_links":{"self":[{"href":"https:\/\/cornelia.siteware.ch\/cms\/wp-json\/wp\/v2\/pages\/80"}],"collection":[{"href":"https:\/\/cornelia.siteware.ch\/cms\/wp-json\/wp\/v2\/pages"}],"about":[{"href":"https:\/\/cornelia.siteware.ch\/cms\/wp-json\/wp\/v2\/types\/page"}],"author":[{"embeddable":true,"href":"https:\/\/cornelia.siteware.ch\/cms\/wp-json\/wp\/v2\/users\/4"}],"replies":[{"embeddable":true,"href":"https:\/\/cornelia.siteware.ch\/cms\/wp-json\/wp\/v2\/comments?post=80"}],"version-history":[{"count":10,"href":"https:\/\/cornelia.siteware.ch\/cms\/wp-json\/wp\/v2\/pages\/80\/revisions"}],"predecessor-version":[{"id":181,"href":"https:\/\/cornelia.siteware.ch\/cms\/wp-json\/wp\/v2\/pages\/80\/revisions\/181"}],"up":[{"embeddable":true,"href":"https:\/\/cornelia.siteware.ch\/cms\/wp-json\/wp\/v2\/pages\/7"}],"wp:attachment":[{"href":"https:\/\/cornelia.siteware.ch\/cms\/wp-json\/wp\/v2\/media?parent=80"}],"curies":[{"name":"wp","href":"https:\/\/api.w.org\/{rel}","templated":true}]}}