{"id":519,"date":"2011-04-16T16:50:20","date_gmt":"2011-04-16T15:50:20","guid":{"rendered":"http:\/\/cornelia.siteware.ch\/cms"},"modified":"2011-04-26T07:06:19","modified_gmt":"2011-04-26T06:06:19","slug":"fernsehen","status":"publish","type":"page","link":"https:\/\/cornelia.siteware.ch\/cms\/daf-daz-2\/horen\/ressourcen-fur-das-horverstehen\/fernsehen","title":{"rendered":"Fernsehen"},"content":{"rendered":"<p class='announcement'>Alphabetisch geordnete Auswahl deutschsprachiger Fernsehsender.<\/p>\n<p><strong><a href=\"http:\/\/www.arte-tv.com\/\">Arte<\/a><\/strong>. Deutsch-Franz\u00f6sisches Gemeinschaftsprojekt. Die Videos stehen in der Regel bis eine Woche nach der Ausstrahlung zur Verf\u00fcgung, vereinzelt auch l\u00e4nger. Sendungstipp: <a href=\"http:\/\/videos.arte.tv\/de\/videos\/sendungen\/karambolage\/index-3224652.html\">Karambolage<\/a>.<br \/>\n<a href=\"http:\/\/www.arte-tv.com\/\">http:\/\/www.arte-tv.com\/<\/a><\/p>\n<p>Video on Demand-Seite von <strong>Deutsche Welle TV<\/strong>: <a href=\"http:\/\/www.dw-world.de\/dw\/0,,4753,00.html\">http:\/\/www.dw-world.de\/dw\/0,,4753,00.html <\/a><\/p>\n<p><strong><a href=\"http:\/\/de.euronews.net\/\">Euronews<\/a><\/strong>:  Nachrichtenseite  mit aktuellen Videos in den Sprachen\u00a0 Deutsch,  Englisch, Franz\u00f6sisch,  Italienisch, Spanisch, Portugiesisch, T\u00fcrkisch,  Russisch, Arabisch und  Farsi. Meistens gibt es eine Transkription des  Beitrags. Die Videos werden nicht archiviert.<\/p>\n<p>Die aktuellsten Videos des <strong>ORF<\/strong> findet man in der <a href=\"http:\/\/tvthek.orf.at\/\">TVthek<\/a>.<\/p>\n<p><strong>3<a href=\"http:\/\/www.3sat.de\/\">-Sat<\/a><\/strong> ist ein Kooperationsprojekt zwischen Deutschland, \u00d6sterreich und der Schweiz und sendet Beitr\u00e4ge aus allen drei L\u00e4ndern. In der <a href=\"http:\/\/www.3sat.de\/mediathek\/\">Mediathek<\/a> kann man ausgestrahlte Sendungen nachsehen. Besonders empfehlenswert sind die Wissenschaftsendung <a href=\"http:\/\/www.3sat.de\/nano\/index.html\">Nano<\/a> (Podcast: <a href=\"http:\/\/www.3sat.de\/mediathek\/rss\/mediathek_nano.xml\">http:\/\/www.3sat.de\/mediathek\/rss\/mediathek_nano.xml<\/a>) oder <a href=\"http:\/\/www.3sat.de\/page\/?source=\/sfdrs\/schweizweit\/143487\/index.html\">Schweizweit<\/a>, eine\u00a0 Sendung mit aktuellen Beitr\u00e4gen zur Politik, Wirtschaft, Gesellschaft  und Kultur der Schweiz (Podcast: <a href=\"http:\/\/www.3sat.de\/mediathek\/rss\/mediathek_schweizweit.xml\">http:\/\/www.3sat.de\/mediathek\/rss\/mediathek_schweizweit.xml)<\/a><\/p>\n<p><strong><a href=\"http:\/\/www.sf.tv\/\">SF DRS<\/a><\/strong> ist das staatliche Schweizer Fernsehen. Unter <a href=\"http:\/\/www.sf.tv\/var\/videos.php\">SF Videos<\/a> findet man die Sendungen mit Video on demand.\u00a0 F\u00fcr die einzelnen   Sendungen existiert jeweils ein Archiv, in dem man nach Stichworten und   Datum suchen kann. Viele der Sendungen sind ganz oder teilweise auf   Schweizerdeutsch (Dialekt) gesprochen. Zu den Sendungen, die ganz oder   zu grossen Teilen auf Hochdeutsch gesprochen werden, geh\u00f6ren unter   anderem:<\/p>\n<ul>\n<li>10vor10 (Nachrichtenmagazin)<\/li>\n<li>Tagesschau<\/li>\n<li>Kulturplatz<\/li>\n<li>Kino aktuell<\/li>\n<li>SF Wissen myschool (Schulfernsehen)<\/li>\n<li>Sternstunde Philosophie<\/li>\n<\/ul>\n<p>Das <strong><a href=\"http:\/\/www.zdf.de\/\">ZDF<\/a><\/strong> sammelt seine Videos in der <a href=\"http:\/\/www.zdf.de\/ZDFmediathek\/\">Mediathek<\/a>. Dort kann man nach <a href=\"http:\/\/www.zdf.de\/ZDFmediathek\/inhalt\/11\/0,4070,220043-1,00.html\">Themen<\/a>, nach <a href=\"http:\/\/www.zdf.de\/ZDFmediathek\/inhalt\/30\/0,4070,1200030-1,00.html\">Sendung<\/a> oder nach <a href=\"http:\/\/www.zdf.de\/ZDFmediathek\/inhalt\/1\/0,4070,1200001-11,00.html\">Stichworten<\/a> suchen.<\/p>\n","protected":false},"excerpt":{"rendered":"<p>Alphabetisch geordnete Auswahl deutschsprachiger Fernsehsender. Arte. Deutsch-Franz\u00f6sisches Gemeinschaftsprojekt. Die Videos stehen in der Regel bis eine Woche nach der Ausstrahlung zur Verf\u00fcgung, vereinzelt auch l\u00e4nger. Sendungstipp: Karambolage. http:\/\/www.arte-tv.com\/ Video on Demand-Seite von Deutsche Welle TV: http:\/\/www.dw-world.de\/dw\/0,,4753,00.html Euronews: Nachrichtenseite mit aktuellen Videos in den Sprachen\u00a0 Deutsch, Englisch, Franz\u00f6sisch, Italienisch, Spanisch, Portugiesisch, T\u00fcrkisch, Russisch, Arabisch und Farsi. <a href='https:\/\/cornelia.siteware.ch\/cms\/daf-daz-2\/horen\/ressourcen-fur-das-horverstehen\/fernsehen' class='excerpt-more'>[&#8230;]<\/a><\/p>\n","protected":false},"author":4,"featured_media":0,"parent":497,"menu_order":0,"comment_status":"closed","ping_status":"closed","template":"","meta":{"footnotes":"","_links_to":"","_links_to_target":""},"_links":{"self":[{"href":"https:\/\/cornelia.siteware.ch\/cms\/wp-json\/wp\/v2\/pages\/519"}],"collection":[{"href":"https:\/\/cornelia.siteware.ch\/cms\/wp-json\/wp\/v2\/pages"}],"about":[{"href":"https:\/\/cornelia.siteware.ch\/cms\/wp-json\/wp\/v2\/types\/page"}],"author":[{"embeddable":true,"href":"https:\/\/cornelia.siteware.ch\/cms\/wp-json\/wp\/v2\/users\/4"}],"replies":[{"embeddable":true,"href":"https:\/\/cornelia.siteware.ch\/cms\/wp-json\/wp\/v2\/comments?post=519"}],"version-history":[{"count":9,"href":"https:\/\/cornelia.siteware.ch\/cms\/wp-json\/wp\/v2\/pages\/519\/revisions"}],"predecessor-version":[{"id":615,"href":"https:\/\/cornelia.siteware.ch\/cms\/wp-json\/wp\/v2\/pages\/519\/revisions\/615"}],"up":[{"embeddable":true,"href":"https:\/\/cornelia.siteware.ch\/cms\/wp-json\/wp\/v2\/pages\/497"}],"wp:attachment":[{"href":"https:\/\/cornelia.siteware.ch\/cms\/wp-json\/wp\/v2\/media?parent=519"}],"curies":[{"name":"wp","href":"https:\/\/api.w.org\/{rel}","templated":true}]}}