{"id":454,"date":"2011-04-16T06:53:47","date_gmt":"2011-04-16T05:53:47","guid":{"rendered":"http:\/\/cornelia.siteware.ch\/cms"},"modified":"2011-04-17T08:19:15","modified_gmt":"2011-04-17T07:19:15","slug":"deutschsprachige-musik-ohne-aufgaben","status":"publish","type":"page","link":"https:\/\/cornelia.siteware.ch\/cms\/daf-daz-2\/horen\/ressourcen-fur-das-horverstehen\/musik\/deutschsprachige-musik-ohne-aufgaben","title":{"rendered":"deutschsprachige Musik ohne Aufgaben"},"content":{"rendered":"<p><strong>Musiktipps. <\/strong>Uli Mattm\u00fcller vom Deutschlernen-Blog ver\u00f6ffentlicht in unregelm\u00e4ssigen Abst\u00e4nden Tipps zu aktuellen deutschsprachigen Songs.<a href=\"http:\/\/deutschlernen-blog.de\/blog\/tag\/musiktipp\/\"><br \/>\nhttp:\/\/deutschlernen-blog.de\/blog\/tag\/musiktipp\/<\/a><\/p>\n<p><strong>Popcast<\/strong><br \/>\nJeden Monat wird aktuelle Musik von deutschen Bands vorgestellt, die noch nicht so bekannt sind. Man kann die Sendung online h\u00f6ren oder als Podcast abonnieren.<br \/>\n<a href=\"http:\/\/www.goethe.de\/kue\/mus\/prj\/zue\/deindex.htm\">http:\/\/www.goethe.de\/kue\/mus\/prj\/zue\/deindex.htm<\/a><\/p>\n<p><a href=\"http:\/\/german.about.com\/cs\/musicartists\/\"> <\/a><strong>Radio Goethe.<\/strong> Jede Woche werden in Radio Goethe Songs und    Lieder von Musikern aus Deutschland, \u00d6sterreich und der Schweiz    vorgestellt. Im Netz findet man jeweils die aktuellste Sendung. Jeden    Freitag wechselt das Programm. Radio Goethe kann man auch als Podcast    abonnieren.<br \/>\n<a href=\"http:\/\/www.radiogoethe.org\/\">http:\/\/www.radiogoethe.org\/<\/a><\/p>\n","protected":false},"excerpt":{"rendered":"<p>Musiktipps. Uli Mattm\u00fcller vom Deutschlernen-Blog ver\u00f6ffentlicht in unregelm\u00e4ssigen Abst\u00e4nden Tipps zu aktuellen deutschsprachigen Songs. http:\/\/deutschlernen-blog.de\/blog\/tag\/musiktipp\/ Popcast Jeden Monat wird aktuelle Musik von deutschen Bands vorgestellt, die noch nicht so bekannt sind. Man kann die Sendung online h\u00f6ren oder als Podcast abonnieren. http:\/\/www.goethe.de\/kue\/mus\/prj\/zue\/deindex.htm Radio Goethe. Jede Woche werden in Radio Goethe Songs und Lieder von Musikern <a href='https:\/\/cornelia.siteware.ch\/cms\/daf-daz-2\/horen\/ressourcen-fur-das-horverstehen\/musik\/deutschsprachige-musik-ohne-aufgaben' class='excerpt-more'>[&#8230;]<\/a><\/p>\n","protected":false},"author":4,"featured_media":0,"parent":244,"menu_order":0,"comment_status":"closed","ping_status":"closed","template":"","meta":{"footnotes":"","_links_to":"","_links_to_target":""},"_links":{"self":[{"href":"https:\/\/cornelia.siteware.ch\/cms\/wp-json\/wp\/v2\/pages\/454"}],"collection":[{"href":"https:\/\/cornelia.siteware.ch\/cms\/wp-json\/wp\/v2\/pages"}],"about":[{"href":"https:\/\/cornelia.siteware.ch\/cms\/wp-json\/wp\/v2\/types\/page"}],"author":[{"embeddable":true,"href":"https:\/\/cornelia.siteware.ch\/cms\/wp-json\/wp\/v2\/users\/4"}],"replies":[{"embeddable":true,"href":"https:\/\/cornelia.siteware.ch\/cms\/wp-json\/wp\/v2\/comments?post=454"}],"version-history":[{"count":6,"href":"https:\/\/cornelia.siteware.ch\/cms\/wp-json\/wp\/v2\/pages\/454\/revisions"}],"predecessor-version":[{"id":550,"href":"https:\/\/cornelia.siteware.ch\/cms\/wp-json\/wp\/v2\/pages\/454\/revisions\/550"}],"up":[{"embeddable":true,"href":"https:\/\/cornelia.siteware.ch\/cms\/wp-json\/wp\/v2\/pages\/244"}],"wp:attachment":[{"href":"https:\/\/cornelia.siteware.ch\/cms\/wp-json\/wp\/v2\/media?parent=454"}],"curies":[{"name":"wp","href":"https:\/\/api.w.org\/{rel}","templated":true}]}}