{"id":451,"date":"2011-04-16T06:53:10","date_gmt":"2011-04-16T05:53:10","guid":{"rendered":"http:\/\/cornelia.siteware.ch\/cms"},"modified":"2011-04-16T10:37:54","modified_gmt":"2011-04-16T09:37:54","slug":"deutschsprachige-musik-mit-aufgaben","status":"publish","type":"page","link":"https:\/\/cornelia.siteware.ch\/cms\/daf-daz-2\/horen\/ressourcen-fur-das-horverstehen\/musik\/deutschsprachige-musik-mit-aufgaben","title":{"rendered":"deutschsprachige Musik mit Aufgaben"},"content":{"rendered":"<p><strong>Steps into German:<\/strong> Bei <a href=\"http:\/\/www.stepintogerman.org\/\">Steps into German<\/a> findet man deutschsprachige Musikvideos. Zu den Videos sind die  Songtexte auf Deutsch und in englischer \u00dcbersetzung verlinkt. Im  Abschnitt \u201cf\u00fchr Lehrer\u201d gibt es <a href=\"http:\/\/www.stepintogerman.org\/index.php?catID=847&amp;navID=306&amp;GOTO=1\">Arbeitsbl\u00e4tter<\/a> zu einigen der Videos. F\u00fcr Lernende gibt es Musikquzzes und Wettbewerbe (Fragen auf Englisch).<\/p>\n<p><strong>Popkultur:<\/strong> Das Goetheinstitut London hat 6 deutsche Songs didaktisiert und auf der Webseite <a href=\"http:\/\/www.goethe.de\/ins\/gb\/lon\/prj\/pop\/enindex.htm\">Popkultur<\/a> zur Verf\u00fcgung gestellt. Zu jedem Song gibt es den Liedtext mit   \u00dcbersetzungen von Schl\u00fcsselbegriffen und ein Arbeitsblatt mit   englischsprachigen Anweisungen.<\/p>\n<p><strong>Spiel mit: <\/strong>Das Goetheinstitut Frankreich hat (schon vor  l\u00e4ngerem) je einen Song  der Gruppen 2RaumWohnung, Wir sind Helden und  Beginner didaktisiert und  ins Netz gestellt. Zu den einzelnen Liedern  gibt es sowohl interaktive  Aufgaben als auch Arbeitsbl\u00e4tter, die Lehrer  im Unterricht einsetzen  k\u00f6nnen.<\/p>\n<ul>\n<li><a href=\"http:\/\/www.goethe.de\/ins\/fr\/pro\/Spiel_mit\/wirsindhelden\/gutentag.htm\">Guten Tag<\/a> (Wir sind Helden)<\/li>\n<li><a href=\"http:\/\/www.goethe.de\/ins\/fr\/pro\/Spiel_mit\/beginner\/\">City Blues <\/a>(Beginner)<\/li>\n<li><a href=\"http:\/\/www.goethe.de\/ins\/fr\/pro\/Spiel_mit\/2raumw\/garten.htm\">Wir trafen uns in einem Garten<\/a> (2RaumWohnung)<\/li>\n<\/ul>\n<p><a href=\"http:\/\/german.about.com\/cs\/musicartists\/\"><br \/>\n<\/a><\/p>\n","protected":false},"excerpt":{"rendered":"<p>Steps into German: Bei Steps into German findet man deutschsprachige Musikvideos. Zu den Videos sind die Songtexte auf Deutsch und in englischer \u00dcbersetzung verlinkt. Im Abschnitt \u201cf\u00fchr Lehrer\u201d gibt es Arbeitsbl\u00e4tter zu einigen der Videos. F\u00fcr Lernende gibt es Musikquzzes und Wettbewerbe (Fragen auf Englisch). Popkultur: Das Goetheinstitut London hat 6 deutsche Songs didaktisiert und <a href='https:\/\/cornelia.siteware.ch\/cms\/daf-daz-2\/horen\/ressourcen-fur-das-horverstehen\/musik\/deutschsprachige-musik-mit-aufgaben' class='excerpt-more'>[&#8230;]<\/a><\/p>\n","protected":false},"author":4,"featured_media":0,"parent":244,"menu_order":0,"comment_status":"closed","ping_status":"closed","template":"","meta":{"footnotes":"","_links_to":"","_links_to_target":""},"_links":{"self":[{"href":"https:\/\/cornelia.siteware.ch\/cms\/wp-json\/wp\/v2\/pages\/451"}],"collection":[{"href":"https:\/\/cornelia.siteware.ch\/cms\/wp-json\/wp\/v2\/pages"}],"about":[{"href":"https:\/\/cornelia.siteware.ch\/cms\/wp-json\/wp\/v2\/types\/page"}],"author":[{"embeddable":true,"href":"https:\/\/cornelia.siteware.ch\/cms\/wp-json\/wp\/v2\/users\/4"}],"replies":[{"embeddable":true,"href":"https:\/\/cornelia.siteware.ch\/cms\/wp-json\/wp\/v2\/comments?post=451"}],"version-history":[{"count":5,"href":"https:\/\/cornelia.siteware.ch\/cms\/wp-json\/wp\/v2\/pages\/451\/revisions"}],"predecessor-version":[{"id":505,"href":"https:\/\/cornelia.siteware.ch\/cms\/wp-json\/wp\/v2\/pages\/451\/revisions\/505"}],"up":[{"embeddable":true,"href":"https:\/\/cornelia.siteware.ch\/cms\/wp-json\/wp\/v2\/pages\/244"}],"wp:attachment":[{"href":"https:\/\/cornelia.siteware.ch\/cms\/wp-json\/wp\/v2\/media?parent=451"}],"curies":[{"name":"wp","href":"https:\/\/api.w.org\/{rel}","templated":true}]}}