{"id":244,"date":"2011-01-03T16:51:04","date_gmt":"2011-01-03T15:51:04","guid":{"rendered":"http:\/\/cornelia.siteware.ch\/cms\/?page_id=244"},"modified":"2011-04-16T10:37:18","modified_gmt":"2011-04-16T09:37:18","slug":"musik","status":"publish","type":"page","link":"https:\/\/cornelia.siteware.ch\/cms\/daf-daz-2\/horen\/ressourcen-fur-das-horverstehen\/musik","title":{"rendered":"Musik"},"content":{"rendered":"<div class=\"note\"><strong>Gr\u00fcnde f\u00fcr das Lernen mit Musik<\/strong><\/p>\n<ul>\n<li> Musik macht Spass: Deutschsprachige Musik deckt ein breites Spektrum ab. F\u00fcr jeden Geschmack ist etwas dabei.<\/li>\n<li>Lieder enthalten viele Ausdr\u00fccke und Wendungen, die man als Chunks (= &#8222;als Ganzes&#8220;) lernen kann<\/li>\n<li>Zu den meisten Liedern findet man den Text ohne viel Aufwand, oft findet man auch \u00dcbersetzungen, die beim Verstehen helfen k\u00f6nnen.<\/li>\n<li>Der Rhythmus der Musik kann helfen, Barrieren gegen\u00fcber der fremden Intonation abzubauen<\/li>\n<\/ul>\n<\/div>\n<p><\/br><\/p>\n<h4>Rubriken<\/h4>\n<div id=\"shailan-subpages-244-1\"><ul class=\"subpages\"><li class=\"page_item page-item-451\"><a href=\"https:\/\/cornelia.siteware.ch\/cms\/daf-daz-2\/horen\/ressourcen-fur-das-horverstehen\/musik\/deutschsprachige-musik-mit-aufgaben\"  rel=\"\">deutschsprachige Musik mit Aufgaben<\/a><\/li>\n<li class=\"page_item page-item-454\"><a href=\"https:\/\/cornelia.siteware.ch\/cms\/daf-daz-2\/horen\/ressourcen-fur-das-horverstehen\/musik\/deutschsprachige-musik-ohne-aufgaben\"  rel=\"\">deutschsprachige Musik ohne Aufgaben<\/a><\/li>\n<li class=\"page_item page-item-456\"><a href=\"https:\/\/cornelia.siteware.ch\/cms\/daf-daz-2\/horen\/ressourcen-fur-das-horverstehen\/musik\/rund-um-musik\"  rel=\"\">Rund um Musik<\/a><\/li>\n<\/ul><\/div>\n","protected":false},"excerpt":{"rendered":"<p>Gr\u00fcnde f\u00fcr das Lernen mit Musik Musik macht Spass: Deutschsprachige Musik deckt ein breites Spektrum ab. F\u00fcr jeden Geschmack ist etwas dabei. Lieder enthalten viele Ausdr\u00fccke und Wendungen, die man als Chunks (= &#8222;als Ganzes&#8220;) lernen kann Zu den meisten Liedern findet man den Text ohne viel Aufwand, oft findet man auch \u00dcbersetzungen, die beim <a href='https:\/\/cornelia.siteware.ch\/cms\/daf-daz-2\/horen\/ressourcen-fur-das-horverstehen\/musik' class='excerpt-more'>[&#8230;]<\/a><\/p>\n","protected":false},"author":4,"featured_media":0,"parent":497,"menu_order":0,"comment_status":"closed","ping_status":"closed","template":"","meta":{"footnotes":"","_links_to":"","_links_to_target":""},"_links":{"self":[{"href":"https:\/\/cornelia.siteware.ch\/cms\/wp-json\/wp\/v2\/pages\/244"}],"collection":[{"href":"https:\/\/cornelia.siteware.ch\/cms\/wp-json\/wp\/v2\/pages"}],"about":[{"href":"https:\/\/cornelia.siteware.ch\/cms\/wp-json\/wp\/v2\/types\/page"}],"author":[{"embeddable":true,"href":"https:\/\/cornelia.siteware.ch\/cms\/wp-json\/wp\/v2\/users\/4"}],"replies":[{"embeddable":true,"href":"https:\/\/cornelia.siteware.ch\/cms\/wp-json\/wp\/v2\/comments?post=244"}],"version-history":[{"count":18,"href":"https:\/\/cornelia.siteware.ch\/cms\/wp-json\/wp\/v2\/pages\/244\/revisions"}],"predecessor-version":[{"id":503,"href":"https:\/\/cornelia.siteware.ch\/cms\/wp-json\/wp\/v2\/pages\/244\/revisions\/503"}],"up":[{"embeddable":true,"href":"https:\/\/cornelia.siteware.ch\/cms\/wp-json\/wp\/v2\/pages\/497"}],"wp:attachment":[{"href":"https:\/\/cornelia.siteware.ch\/cms\/wp-json\/wp\/v2\/media?parent=244"}],"curies":[{"name":"wp","href":"https:\/\/api.w.org\/{rel}","templated":true}]}}