{"id":195,"date":"2011-01-02T22:19:15","date_gmt":"2011-01-02T21:19:15","guid":{"rendered":"http:\/\/cornelia.siteware.ch\/cms\/?page_id=195"},"modified":"2011-04-30T08:00:59","modified_gmt":"2011-04-30T07:00:59","slug":"hoeren-selbstaendig-ueben","status":"publish","type":"page","link":"https:\/\/cornelia.siteware.ch\/cms\/daf-daz-2\/horen\/hoeren-selbstaendig-ueben","title":{"rendered":"H\u00f6ren selbst\u00e4ndig \u00fcben"},"content":{"rendered":"<h4>Rubriken<\/h4>\n<div id=\"shailan-subpages-195-1\"><ul class=\"subpages\"><li class=\"page_item page-item-143\"><a href=\"https:\/\/cornelia.siteware.ch\/cms\/daf-daz-2\/horen\/hoeren-selbstaendig-ueben\/hoeren-und-sehen\"  rel=\"\">H\u00f6ren und Sehen<\/a><\/li>\n<li class=\"page_item page-item-660\"><a href=\"https:\/\/cornelia.siteware.ch\/cms\/daf-daz-2\/horen\/hoeren-selbstaendig-ueben\/transkriptionen\"  rel=\"\">Transkriptionen<\/a><\/li>\n<li class=\"page_item page-item-495\"><a href=\"https:\/\/cornelia.siteware.ch\/cms\/daf-daz-2\/horen\/hoeren-selbstaendig-ueben\/warum-man-das-horen-uben-sollte\"  rel=\"\">Warum man das H\u00f6ren \u00fcben sollte<\/a><\/li>\n<\/ul><\/div>\n<p class=\"warning\" style=\"text-align: center;\">Noch im Aufbau!<\/p>\n","protected":false},"excerpt":{"rendered":"<p>Rubriken Noch im Aufbau!<\/p>\n","protected":false},"author":4,"featured_media":0,"parent":16,"menu_order":0,"comment_status":"closed","ping_status":"closed","template":"","meta":{"footnotes":"","_links_to":"","_links_to_target":""},"_links":{"self":[{"href":"https:\/\/cornelia.siteware.ch\/cms\/wp-json\/wp\/v2\/pages\/195"}],"collection":[{"href":"https:\/\/cornelia.siteware.ch\/cms\/wp-json\/wp\/v2\/pages"}],"about":[{"href":"https:\/\/cornelia.siteware.ch\/cms\/wp-json\/wp\/v2\/types\/page"}],"author":[{"embeddable":true,"href":"https:\/\/cornelia.siteware.ch\/cms\/wp-json\/wp\/v2\/users\/4"}],"replies":[{"embeddable":true,"href":"https:\/\/cornelia.siteware.ch\/cms\/wp-json\/wp\/v2\/comments?post=195"}],"version-history":[{"count":9,"href":"https:\/\/cornelia.siteware.ch\/cms\/wp-json\/wp\/v2\/pages\/195\/revisions"}],"predecessor-version":[{"id":667,"href":"https:\/\/cornelia.siteware.ch\/cms\/wp-json\/wp\/v2\/pages\/195\/revisions\/667"}],"up":[{"embeddable":true,"href":"https:\/\/cornelia.siteware.ch\/cms\/wp-json\/wp\/v2\/pages\/16"}],"wp:attachment":[{"href":"https:\/\/cornelia.siteware.ch\/cms\/wp-json\/wp\/v2\/media?parent=195"}],"curies":[{"name":"wp","href":"https:\/\/api.w.org\/{rel}","templated":true}]}}