{"id":1748,"date":"2012-07-17T09:50:18","date_gmt":"2012-07-17T08:50:18","guid":{"rendered":"http:\/\/cornelia.siteware.ch\/cms\/?page_id=1748"},"modified":"2012-07-17T09:50:18","modified_gmt":"2012-07-17T08:50:18","slug":"uber-diese-seiten","status":"publish","type":"page","link":"https:\/\/cornelia.siteware.ch\/cms\/willkommen\/uber-diese-seiten","title":{"rendered":"\u00dcber diese Seiten"},"content":{"rendered":"<p>Diese Seiten sind die Nachfolgeversion der \u201c<strong>gelben Site<\/strong>\u201c, auf der vor allem Linklisten zu so unterschiedlichen Themen wie Deutsch als Fremdsprache, Computerlinguistik, Literaturzusammenfassungen, Geschichtsdidaktik und Jugendarbeit versammelt waren. Da sich meine Interessen im Verlauf der gut 10 Jahre, in denen ich im Netz aktiv bin, stark ver\u00e4ndert haben, lagen grosse Teile der Seite brach. Zudem war die Wartung\u00a0 aufwendig, was bei knappen Zeitressourcen (ich betreibe diese Seiten in meiner Freizeit) stark ins Gewicht f\u00e4llt.\u00a0 Aus diesen Gr\u00fcnden war es schon lange Zeit f\u00fcr eine Ver\u00e4nderung. Das urspr\u00fcngliche Gelb ist aber immerhin noch im Kopf der Seite vorhanden. <img decoding=\"async\" src=\"http:\/\/cornelia.siteware.ch\/cms\/wp-includes\/images\/smilies\/icon_smile.gif\" alt=\":-)\" \/><\/p>\n<p>Im Moment (Fr\u00fchling 2012) bin ich immer noch dabei, ausgew\u00e4hlte Inhalte von der alten Seite in dieses Projekt zu \u00fcbernehmen bzw. zu \u00fcberarbeiten. Was in welcher Form \u00fcbernommen wird und was \u00fcberhaupt nicht, ist im Moment noch nicht klar. Die <strong><a href=\"http:\/\/cornelia.siteware.ch\/old_index.html\">alte Einstiegsseite<\/a><\/strong> mit den alten Inhalten ist aber immer noch erreichbar. Auch das <a href=\"http:\/\/cornelia.siteware.ch\/blog\/wordpress\"><strong>DaF-Blog<\/strong><\/a> ist weiterhin aktiv.<\/p>\n<p>Grunds\u00e4tzlich werden die Inhalte dieser Seiten statischer sein als diejenigen des Blogs. Geplant sind aber auch Verweise zwischen den beiden Schwesterprojekten.<\/p>\n","protected":false},"excerpt":{"rendered":"<p>Diese Seiten sind die Nachfolgeversion der \u201cgelben Site\u201c, auf der vor allem Linklisten zu so unterschiedlichen Themen wie Deutsch als Fremdsprache, Computerlinguistik, Literaturzusammenfassungen, Geschichtsdidaktik und Jugendarbeit versammelt waren. Da sich meine Interessen im Verlauf der gut 10 Jahre, in denen ich im Netz aktiv bin, stark ver\u00e4ndert haben, lagen grosse Teile der Seite brach. Zudem <a href='https:\/\/cornelia.siteware.ch\/cms\/willkommen\/uber-diese-seiten' class='excerpt-more'>[&#8230;]<\/a><\/p>\n","protected":false},"author":4,"featured_media":0,"parent":69,"menu_order":0,"comment_status":"open","ping_status":"closed","template":"","meta":{"footnotes":"","_links_to":"","_links_to_target":""},"_links":{"self":[{"href":"https:\/\/cornelia.siteware.ch\/cms\/wp-json\/wp\/v2\/pages\/1748"}],"collection":[{"href":"https:\/\/cornelia.siteware.ch\/cms\/wp-json\/wp\/v2\/pages"}],"about":[{"href":"https:\/\/cornelia.siteware.ch\/cms\/wp-json\/wp\/v2\/types\/page"}],"author":[{"embeddable":true,"href":"https:\/\/cornelia.siteware.ch\/cms\/wp-json\/wp\/v2\/users\/4"}],"replies":[{"embeddable":true,"href":"https:\/\/cornelia.siteware.ch\/cms\/wp-json\/wp\/v2\/comments?post=1748"}],"version-history":[{"count":1,"href":"https:\/\/cornelia.siteware.ch\/cms\/wp-json\/wp\/v2\/pages\/1748\/revisions"}],"predecessor-version":[{"id":1750,"href":"https:\/\/cornelia.siteware.ch\/cms\/wp-json\/wp\/v2\/pages\/1748\/revisions\/1750"}],"up":[{"embeddable":true,"href":"https:\/\/cornelia.siteware.ch\/cms\/wp-json\/wp\/v2\/pages\/69"}],"wp:attachment":[{"href":"https:\/\/cornelia.siteware.ch\/cms\/wp-json\/wp\/v2\/media?parent=1748"}],"curies":[{"name":"wp","href":"https:\/\/api.w.org\/{rel}","templated":true}]}}