{"id":1699,"date":"2012-07-14T09:22:38","date_gmt":"2012-07-14T08:22:38","guid":{"rendered":"http:\/\/cornelia.siteware.ch\/cms\/?page_id=1699"},"modified":"2012-07-14T09:38:31","modified_gmt":"2012-07-14T08:38:31","slug":"politik","status":"publish","type":"page","link":"https:\/\/cornelia.siteware.ch\/cms\/daf-daz-2\/landeskunde\/informationen-zur-schweiz\/politik","title":{"rendered":"Politik (in) der Schweiz"},"content":{"rendered":"<h2>Parlamentswahlen 2011<\/h2>\n<p><strong><a href=\"http:\/\/www.ich-will-waehlen.ch\/\">Ich will w\u00e4hlen<\/a><\/strong> richtet sich an Erwachsene mit einer Leseschw\u00e4che. Die Seite kommt mit ganz wenig Text aus, alle wichtigen Informationen werden m\u00fcndlich vermittelt. Es gibt Erkl\u00e4rungen dazu, wie man den <a href=\"http:\/\/www.ich-will-waehlen.ch\/nationalrat\/\">National-<\/a> und den <a href=\"http:\/\/www.ich-will-waehlen.ch\/standerat\/\">St\u00e4nderat<\/a> w\u00e4hlt, <a href=\"http:\/\/www.ich-will-waehlen.ch\/warum-wahlen-\/\">warum man \u00fcberhaupt w\u00e4hlen sollte<\/a> und wie das <a href=\"http:\/\/www.ich-will-waehlen.ch\/parlament\/\">Parlament<\/a> funktioniert.<\/p>\n<p>Beim Parteienkompass findet man <a href=\"http:\/\/www.parteienkompass.ch\/partyProfiles.php\">Parteiprofile<\/a> mit weiterf\u00fchrenden Links, <a href=\"http:\/\/www.parteienkompass.ch\/teaching.php\">Lernmodule<\/a> zu den Wahlen und zum politischen System (im pdf-Format) und weiteres Hintergrundmaterial im <a href=\"http:\/\/www.parteienkompass.ch\/downloads.php\">Downloadbereich<\/a>.<\/p>\n<p>Andere Staatskundliche Module (Bildschirmpr\u00e4sentationen) findet man bei <a href=\"http:\/\/www.tellvetia.ch\/1\/?lang=de\">Tellvetia<\/a> und <a href=\"http:\/\/www.civicampus.ch\/\">Civicampus<\/a>.<\/p>\n<p><strong>Bei <\/strong><a href=\"http:\/\/www.smartvote.ch\"><strong>Smartvote<\/strong><\/a> beantwortet man Fragen zur politischen Einstellung (Wahlweise 32 oder 75) und erh\u00e4lt dann wahlweise diejenigen Kandidaten\u00a0 oder Listen angezeigt, die das \u00e4hnlichste Profil haben.<\/p>\n<p><strong>Easy vote<\/strong> richtet sich vor allem an Junge W\u00e4hler. Unter anderem gibt es eine <a href=\"http:\/\/www.easyvote.ch\/de\/wahlen-2011\/\"><strong>Schritt-f\u00fcr-Schritt-Anleitung<\/strong><\/a> zum W\u00e4hlen.<\/p>\n","protected":false},"excerpt":{"rendered":"<p>Parlamentswahlen 2011 Ich will w\u00e4hlen richtet sich an Erwachsene mit einer Leseschw\u00e4che. Die Seite kommt mit ganz wenig Text aus, alle wichtigen Informationen werden m\u00fcndlich vermittelt. Es gibt Erkl\u00e4rungen dazu, wie man den National- und den St\u00e4nderat w\u00e4hlt, warum man \u00fcberhaupt w\u00e4hlen sollte und wie das Parlament funktioniert. Beim Parteienkompass findet man Parteiprofile mit weiterf\u00fchrenden <a href='https:\/\/cornelia.siteware.ch\/cms\/daf-daz-2\/landeskunde\/informationen-zur-schweiz\/politik' class='excerpt-more'>[&#8230;]<\/a><\/p>\n","protected":false},"author":4,"featured_media":0,"parent":356,"menu_order":0,"comment_status":"open","ping_status":"closed","template":"","meta":{"footnotes":"","_links_to":"","_links_to_target":""},"_links":{"self":[{"href":"https:\/\/cornelia.siteware.ch\/cms\/wp-json\/wp\/v2\/pages\/1699"}],"collection":[{"href":"https:\/\/cornelia.siteware.ch\/cms\/wp-json\/wp\/v2\/pages"}],"about":[{"href":"https:\/\/cornelia.siteware.ch\/cms\/wp-json\/wp\/v2\/types\/page"}],"author":[{"embeddable":true,"href":"https:\/\/cornelia.siteware.ch\/cms\/wp-json\/wp\/v2\/users\/4"}],"replies":[{"embeddable":true,"href":"https:\/\/cornelia.siteware.ch\/cms\/wp-json\/wp\/v2\/comments?post=1699"}],"version-history":[{"count":2,"href":"https:\/\/cornelia.siteware.ch\/cms\/wp-json\/wp\/v2\/pages\/1699\/revisions"}],"predecessor-version":[{"id":1701,"href":"https:\/\/cornelia.siteware.ch\/cms\/wp-json\/wp\/v2\/pages\/1699\/revisions\/1701"}],"up":[{"embeddable":true,"href":"https:\/\/cornelia.siteware.ch\/cms\/wp-json\/wp\/v2\/pages\/356"}],"wp:attachment":[{"href":"https:\/\/cornelia.siteware.ch\/cms\/wp-json\/wp\/v2\/media?parent=1699"}],"curies":[{"name":"wp","href":"https:\/\/api.w.org\/{rel}","templated":true}]}}