{"id":1575,"date":"2012-05-19T10:18:10","date_gmt":"2012-05-19T09:18:10","guid":{"rendered":"http:\/\/cornelia.siteware.ch\/cms\/?page_id=1575"},"modified":"2012-05-24T15:41:40","modified_gmt":"2012-05-24T14:41:40","slug":"ausspracheworterbucher","status":"publish","type":"page","link":"https:\/\/cornelia.siteware.ch\/cms\/didaktik\/aussprache-didaktik\/phonetikliteratur\/ausspracheworterbucher","title":{"rendered":"Aussprachew\u00f6rterb\u00fccher"},"content":{"rendered":"<p><strong>Duden. Aussprachew\u00f6rterbuch. W\u00f6rterbuch der deutschen Standardaussprache. 3. v\u00f6llig neu bearbeitete und erweiterte Auflage, bearbeitet von Max Mangold. Mannheim 1990. (= Duden 6).<\/strong><br \/>\nIn der Einf\u00fchrung wird auf die Aussprache von nicht verzeichneten Flexionsformen und Ableitungen und nicht verzeichnete Aussprachevarianten hingewiesen. Darauf folgt eine sehr knappe Einf\u00fchrung in die Phonetik (Grundlagen) und in die wichtigsten Regeln der Standardlautung (genormte Lautung) mit Graphiken f\u00fcr einzelne Laute. Anschliessend findet man eine Liste von deutschen Graphem-Phonem Beziehungen (Deutsche Aussprachelehre).<\/p>\n<p><strong>Krech, Eva-Maria; Stock, Eberhard; Hirschfeld, Ursula et al. (2010): Deutsches Aussprachew\u00f6rterbuch. Mit Beitr\u00e4gen von Walter Haas, Ingrid Hove, Peter Wiesinger. Berlin.<\/strong><br \/>\nDieses Aussprachew\u00f6rterbuch beruuml;cksichtigt im theoretischen Teil auch das \u00f6sterreichische und schweizerische Hochdeutsch.<\/p>\n<p><strong>Siebs. Deutsche Aussprache. Reine und gem\u00e4ssigte Hochlautung mit Aussprachew\u00f6rterbuch. Helmut de Boor, Hugo Moser, Christian Winkler (Hgg.). Berlin 1969.<\/strong><br \/>\nDer Siebs ber\u00fccksichtigt verschiedene Stilebenen des Deutschen und regionale Besonderheiten in h\u00f6herem Masse als der Duden. Zum Beispiel Unterschiede zwischen der in der Schweiz und der in Deutschland gesprochenen Standardsprache.<\/p>\n<p class=\"announcement\" style=\"text-align: center;\">Siehe auch: <a title=\"W\u00f6rterb\u00fccher mit Ausspracheangaben\" href=\"http:\/\/cornelia.siteware.ch\/cms\/daf-daz-2\/aussprache\/worterbucher-mit-ausspracheangaben\">Liste von Online-W\u00f6rterbuchern mit Ausspracheangaben<\/a><\/p>\n","protected":false},"excerpt":{"rendered":"<p>Duden. Aussprachew\u00f6rterbuch. W\u00f6rterbuch der deutschen Standardaussprache. 3. v\u00f6llig neu bearbeitete und erweiterte Auflage, bearbeitet von Max Mangold. Mannheim 1990. (= Duden 6). In der Einf\u00fchrung wird auf die Aussprache von nicht verzeichneten Flexionsformen und Ableitungen und nicht verzeichnete Aussprachevarianten hingewiesen. Darauf folgt eine sehr knappe Einf\u00fchrung in die Phonetik (Grundlagen) und in die wichtigsten Regeln <a href='https:\/\/cornelia.siteware.ch\/cms\/didaktik\/aussprache-didaktik\/phonetikliteratur\/ausspracheworterbucher' class='excerpt-more'>[&#8230;]<\/a><\/p>\n","protected":false},"author":4,"featured_media":0,"parent":642,"menu_order":3,"comment_status":"open","ping_status":"closed","template":"","meta":{"footnotes":"","_links_to":"","_links_to_target":""},"_links":{"self":[{"href":"https:\/\/cornelia.siteware.ch\/cms\/wp-json\/wp\/v2\/pages\/1575"}],"collection":[{"href":"https:\/\/cornelia.siteware.ch\/cms\/wp-json\/wp\/v2\/pages"}],"about":[{"href":"https:\/\/cornelia.siteware.ch\/cms\/wp-json\/wp\/v2\/types\/page"}],"author":[{"embeddable":true,"href":"https:\/\/cornelia.siteware.ch\/cms\/wp-json\/wp\/v2\/users\/4"}],"replies":[{"embeddable":true,"href":"https:\/\/cornelia.siteware.ch\/cms\/wp-json\/wp\/v2\/comments?post=1575"}],"version-history":[{"count":4,"href":"https:\/\/cornelia.siteware.ch\/cms\/wp-json\/wp\/v2\/pages\/1575\/revisions"}],"predecessor-version":[{"id":1616,"href":"https:\/\/cornelia.siteware.ch\/cms\/wp-json\/wp\/v2\/pages\/1575\/revisions\/1616"}],"up":[{"embeddable":true,"href":"https:\/\/cornelia.siteware.ch\/cms\/wp-json\/wp\/v2\/pages\/642"}],"wp:attachment":[{"href":"https:\/\/cornelia.siteware.ch\/cms\/wp-json\/wp\/v2\/media?parent=1575"}],"curies":[{"name":"wp","href":"https:\/\/api.w.org\/{rel}","templated":true}]}}

Aussprachewörterbücher

<p><strong>Duden. Aussprachewörterbuch. Wörterbuch der deutschen Standardaussprache. 3. völlig neu bearbeitete und erweiterte Auflage, bearbeitet von Max Mangold. Mannheim 1990. (= Duden 6).</strong><br />
In der Einführung wird auf die Aussprache von nicht verzeichneten Flexionsformen und Ableitungen und nicht verzeichnete Aussprachevarianten hingewiesen. Darauf folgt eine sehr knappe Einführung in die Phonetik (Grundlagen) und in die wichtigsten Regeln der Standardlautung (genormte Lautung) mit Graphiken für einzelne Laute. Anschliessend findet man eine Liste von deutschen Graphem-Phonem Beziehungen (Deutsche Aussprachelehre).</p>
<p><strong>Krech, Eva-Maria; Stock, Eberhard; Hirschfeld, Ursula et al. (2010): Deutsches Aussprachewörterbuch. Mit Beiträgen von Walter Haas, Ingrid Hove, Peter Wiesinger. Berlin.</strong><br />
Dieses Aussprachewörterbuch beruuml;cksichtigt im theoretischen Teil auch das österreichische und schweizerische Hochdeutsch.</p>
<p><strong>Siebs. Deutsche Aussprache. Reine und gemässigte Hochlautung mit Aussprachewörterbuch. Helmut de Boor, Hugo Moser, Christian Winkler (Hgg.). Berlin 1969.</strong><br />
Der Siebs berücksichtigt verschiedene Stilebenen des Deutschen und regionale Besonderheiten in höherem Masse als der Duden. Zum Beispiel Unterschiede zwischen der in der Schweiz und der in Deutschland gesprochenen Standardsprache.</p>
<p class="announcement" style="text-align: center;">Siehe auch: <a title="Wörterbücher mit Ausspracheangaben" href="http://cornelia.siteware.ch/cms/daf-daz-2/aussprache/worterbucher-mit-ausspracheangaben">Liste von Online-Wörterbuchern mit Ausspracheangaben</a></p>

<p>Duden. Aussprachewörterbuch. Wörterbuch der deutschen Standardaussprache. 3. völlig neu bearbeitete und erweiterte Auflage, bearbeitet von Max Mangold. Mannheim 1990. (= Duden 6). In der Einführung wird auf die Aussprache von nicht verzeichneten Flexionsformen und Ableitungen und nicht verzeichnete Aussprachevarianten hingewiesen. Darauf folgt eine sehr knappe Einführung in die Phonetik (Grundlagen) und in die wichtigsten Regeln <a href='https://cornelia.siteware.ch/cms/didaktik/aussprache-didaktik/phonetikliteratur/ausspracheworterbucher' class='excerpt-more'>[&#8230;]</a></p>
