{"id":1565,"date":"2012-05-19T11:19:42","date_gmt":"2012-05-19T10:19:42","guid":{"rendered":"http:\/\/cornelia.siteware.ch\/cms\/?page_id=1565"},"modified":"2012-05-19T11:27:30","modified_gmt":"2012-05-19T10:27:30","slug":"aussprache-im-daf-unterricht-teilaspekte","status":"publish","type":"page","link":"https:\/\/cornelia.siteware.ch\/cms\/didaktik\/aussprache-didaktik\/aussprache-im-daf-unterricht-teilaspekte","title":{"rendered":"Aussprache im DaF-Unterricht: Teilaspekte"},"content":{"rendered":"<p>Beim Thema Aussprache im Unterricht denken wohl die meisten zuerst an das Erkennen beziehungsweise Produzieren &#8222;schwieriger Laute&#8220; (zum Beispiel R oder \u00d6) und vielleicht noch an Ph\u00e4nomene wie den Wortakzent oder die Intonation. Neben dieser <strong>phonologischen Kompetenz<\/strong> spielt aber auch die <strong>Orthoepie<\/strong> eine wichtige Rolle: Lernende sollen zum Beispiel bef\u00e4higt werden, W\u00f6rter und S\u00e4tze aufgrund des Schriftbildes (ann\u00e4hernd) korrekt auszusprechen.<\/p>\n<p>Aussprache ist aber auch ein Teil der <strong>soziolinguistischen Kompetenz<\/strong>, n\u00e4mlich dann, wenn\u00a0 es darum geht, unterschiedliche Register beziehungsweise Variet\u00e4ten zu erkennen oder zu verstehen.<\/p>\n<p>Damit diese verschiedenen Teilbereiche erworben werden k\u00f6nnen, m\u00fcssen die Lernenden eine grundlegende<strong> Lernf\u00e4higkei<\/strong>t mitbringen oder entwickeln. Dazu geh\u00f6ren einerseits phonetisches Bewusstsein und grundlegende phonetische Fertigkeiten, anderseits auch eine Reihe von Lerntechniken und -strategien im Zusammenhang mit Aussprache.<\/p>\n<p>Die oben genannten Teilaspekte stammen alle aus dem\u00a0 <a href=\"http:\/\/www.goethe.de\/Z\/50\/commeuro\/\">gemeinsamen europ\u00e4ischen Referenzrahmen f\u00fcr Sprachen<\/a> (GER, insbesondere <a href=\"http:\/\/www.goethe.de\/Z\/50\/commeuro\/i5.htm\">Kapitel 5<\/a>) , allerdings ist dort der Bezug zur Aussprache nicht immer explizit ausformuliert. Im Folgenden beschreibe ich die einzelnen Teilbereiche etwas genauer und gebe einige Beispiele f\u00fcr m\u00f6gliche Umsetzungen im Untericht.<\/p>\n<p>&nbsp;<\/p>\n<div class=\"warning\" style=\"text-align: center;\">Die Unterseiten befinden sich im Moment noch im Aufbau<\/div>\n<div style=\"text-align: center;\"><\/div>\n<div>\"Aussprache im DaF-Unterricht: Teilaspekte\" doesn't have any sub pages.<\/div>\n","protected":false},"excerpt":{"rendered":"<p>Beim Thema Aussprache im Unterricht denken wohl die meisten zuerst an das Erkennen beziehungsweise Produzieren &#8222;schwieriger Laute&#8220; (zum Beispiel R oder \u00d6) und vielleicht noch an Ph\u00e4nomene wie den Wortakzent oder die Intonation. Neben dieser phonologischen Kompetenz spielt aber auch die Orthoepie eine wichtige Rolle: Lernende sollen zum Beispiel bef\u00e4higt werden, W\u00f6rter und S\u00e4tze aufgrund <a href='https:\/\/cornelia.siteware.ch\/cms\/didaktik\/aussprache-didaktik\/aussprache-im-daf-unterricht-teilaspekte' class='excerpt-more'>[&#8230;]<\/a><\/p>\n","protected":false},"author":4,"featured_media":0,"parent":153,"menu_order":0,"comment_status":"open","ping_status":"closed","template":"","meta":{"footnotes":"","_links_to":"","_links_to_target":""},"_links":{"self":[{"href":"https:\/\/cornelia.siteware.ch\/cms\/wp-json\/wp\/v2\/pages\/1565"}],"collection":[{"href":"https:\/\/cornelia.siteware.ch\/cms\/wp-json\/wp\/v2\/pages"}],"about":[{"href":"https:\/\/cornelia.siteware.ch\/cms\/wp-json\/wp\/v2\/types\/page"}],"author":[{"embeddable":true,"href":"https:\/\/cornelia.siteware.ch\/cms\/wp-json\/wp\/v2\/users\/4"}],"replies":[{"embeddable":true,"href":"https:\/\/cornelia.siteware.ch\/cms\/wp-json\/wp\/v2\/comments?post=1565"}],"version-history":[{"count":7,"href":"https:\/\/cornelia.siteware.ch\/cms\/wp-json\/wp\/v2\/pages\/1565\/revisions"}],"predecessor-version":[{"id":1600,"href":"https:\/\/cornelia.siteware.ch\/cms\/wp-json\/wp\/v2\/pages\/1565\/revisions\/1600"}],"up":[{"embeddable":true,"href":"https:\/\/cornelia.siteware.ch\/cms\/wp-json\/wp\/v2\/pages\/153"}],"wp:attachment":[{"href":"https:\/\/cornelia.siteware.ch\/cms\/wp-json\/wp\/v2\/media?parent=1565"}],"curies":[{"name":"wp","href":"https:\/\/api.w.org\/{rel}","templated":true}]}}

<p>Beim Thema Aussprache im Unterricht denken wohl die meisten zuerst an das Erkennen beziehungsweise Produzieren &#8222;schwieriger Laute&#8220; (zum Beispiel R oder Ö) und vielleicht noch an Phänomene wie den Wortakzent oder die Intonation. Neben dieser <strong>phonologischen Kompetenz</strong> spielt aber auch die <strong>Orthoepie</strong> eine wichtige Rolle: Lernende sollen zum Beispiel befähigt werden, Wörter und Sätze aufgrund des Schriftbildes (annähernd) korrekt auszusprechen.</p>
<p>Aussprache ist aber auch ein Teil der <strong>soziolinguistischen Kompetenz</strong>, nämlich dann, wenn  es darum geht, unterschiedliche Register beziehungsweise Varietäten zu erkennen oder zu verstehen.</p>
<p>Damit diese verschiedenen Teilbereiche erworben werden können, müssen die Lernenden eine grundlegende<strong> Lernfähigkei</strong>t mitbringen oder entwickeln. Dazu gehören einerseits phonetisches Bewusstsein und grundlegende phonetische Fertigkeiten, anderseits auch eine Reihe von Lerntechniken und -strategien im Zusammenhang mit Aussprache.</p>
<p>Die oben genannten Teilaspekte stammen alle aus dem  <a href="http://www.goethe.de/Z/50/commeuro/">gemeinsamen europäischen Referenzrahmen für Sprachen</a> (GER, insbesondere <a href="http://www.goethe.de/Z/50/commeuro/i5.htm">Kapitel 5</a>) , allerdings ist dort der Bezug zur Aussprache nicht immer explizit ausformuliert. Im Folgenden beschreibe ich die einzelnen Teilbereiche etwas genauer und gebe einige Beispiele für mögliche Umsetzungen im Untericht.</p>
<p>&nbsp;</p>
<div class="warning" style="text-align: center;">Die Unterseiten befinden sich im Moment noch im Aufbau</div>
<div style="text-align: center;"></div>
<div>"Aussprache im DaF-Unterricht: Teilaspekte" doesn't have any sub pages.</div>

<p>Beim Thema Aussprache im Unterricht denken wohl die meisten zuerst an das Erkennen beziehungsweise Produzieren &#8222;schwieriger Laute&#8220; (zum Beispiel R oder Ö) und vielleicht noch an Phänomene wie den Wortakzent oder die Intonation. Neben dieser phonologischen Kompetenz spielt aber auch die Orthoepie eine wichtige Rolle: Lernende sollen zum Beispiel befähigt werden, Wörter und Sätze aufgrund <a href='https://cornelia.siteware.ch/cms/didaktik/aussprache-didaktik/aussprache-im-daf-unterricht-teilaspekte' class='excerpt-more'>[&#8230;]</a></p>
