{"id":1382,"date":"2012-04-14T09:30:12","date_gmt":"2012-04-14T08:30:12","guid":{"rendered":"http:\/\/cornelia.siteware.ch\/cms\/?page_id=1382"},"modified":"2012-04-14T09:43:01","modified_gmt":"2012-04-14T08:43:01","slug":"sprachkurse","status":"publish","type":"page","link":"https:\/\/cornelia.siteware.ch\/cms\/daf-daz-2\/sprachkurse","title":{"rendered":"Sprachkurse und Sprachlernportale"},"content":{"rendered":"<p><strong><\/strong><br \/>\n<strong>Deutsche Welle<br \/>\n<\/strong>Deutschkurse der deutschen Welle (A1-C)<br \/>\n<a href=\"http:\/\/www.dw.de\/dw\/0,,2068,00.html\">http:\/\/www.dw.de\/dw\/0,,2068,00.html<\/a><br \/>\n<strong><\/strong><br \/>\n<strong>Deutsch plus online<\/strong><br \/>\nSprachkurs von der BBC f\u00fcr Anf\u00e4nger. Mit Videoclips.<br \/>\n<a href=\"http:\/\/www.bbc.co.uk\/education\/languages\/german\/dplus\/\">http:\/\/www.bbc.co.uk\/education\/languages\/german\/dplus\/<\/a><\/p>\n<p><strong><\/strong><strong><\/strong><strong>German for Beginners<\/strong><br \/>\nDeutschkurs mit Englischen Erkl\u00e4rungen. F\u00fcr Anf\u00e4nger.<br \/>\n<a href=\"http:\/\/german.miningco.com\/library\/anfang\/blanfang01.htm\">http:\/\/german.miningco.com\/library\/anfang\/blanfang01.htm<\/a><strong><\/strong><\/p>\n<p><strong>German Steps<\/strong><br \/>\nDeutschkurs f\u00fcr Anf\u00e4nger von der BBC. Mit Englischen Anweisungen und Erkl\u00e4rungen.<br \/>\n<a href=\"http:\/\/www.bbc.co.uk\/languages\/german\/lj\/\">http:\/\/www.bbc.co.uk\/languages\/german\/lj\/<\/a><\/p>\n<p>&nbsp;<\/p>\n","protected":false},"excerpt":{"rendered":"<p>Deutsche Welle Deutschkurse der deutschen Welle (A1-C) http:\/\/www.dw.de\/dw\/0,,2068,00.html Deutsch plus online Sprachkurs von der BBC f\u00fcr Anf\u00e4nger. Mit Videoclips. http:\/\/www.bbc.co.uk\/education\/languages\/german\/dplus\/ German for Beginners Deutschkurs mit Englischen Erkl\u00e4rungen. F\u00fcr Anf\u00e4nger. http:\/\/german.miningco.com\/library\/anfang\/blanfang01.htm German Steps Deutschkurs f\u00fcr Anf\u00e4nger von der BBC. Mit Englischen Anweisungen und Erkl\u00e4rungen. http:\/\/www.bbc.co.uk\/languages\/german\/lj\/ &nbsp;<\/p>\n","protected":false},"author":4,"featured_media":0,"parent":49,"menu_order":10,"comment_status":"closed","ping_status":"closed","template":"","meta":{"footnotes":"","_links_to":"","_links_to_target":""},"_links":{"self":[{"href":"https:\/\/cornelia.siteware.ch\/cms\/wp-json\/wp\/v2\/pages\/1382"}],"collection":[{"href":"https:\/\/cornelia.siteware.ch\/cms\/wp-json\/wp\/v2\/pages"}],"about":[{"href":"https:\/\/cornelia.siteware.ch\/cms\/wp-json\/wp\/v2\/types\/page"}],"author":[{"embeddable":true,"href":"https:\/\/cornelia.siteware.ch\/cms\/wp-json\/wp\/v2\/users\/4"}],"replies":[{"embeddable":true,"href":"https:\/\/cornelia.siteware.ch\/cms\/wp-json\/wp\/v2\/comments?post=1382"}],"version-history":[{"count":5,"href":"https:\/\/cornelia.siteware.ch\/cms\/wp-json\/wp\/v2\/pages\/1382\/revisions"}],"predecessor-version":[{"id":1385,"href":"https:\/\/cornelia.siteware.ch\/cms\/wp-json\/wp\/v2\/pages\/1382\/revisions\/1385"}],"up":[{"embeddable":true,"href":"https:\/\/cornelia.siteware.ch\/cms\/wp-json\/wp\/v2\/pages\/49"}],"wp:attachment":[{"href":"https:\/\/cornelia.siteware.ch\/cms\/wp-json\/wp\/v2\/media?parent=1382"}],"curies":[{"name":"wp","href":"https:\/\/api.w.org\/{rel}","templated":true}]}}