{"id":13,"date":"2011-01-02T12:19:44","date_gmt":"2011-01-02T11:19:44","guid":{"rendered":"http:\/\/cornelia.siteware.ch\/cms\/?page_id=13"},"modified":"2015-10-25T21:20:09","modified_gmt":"2015-10-25T20:20:09","slug":"lesen","status":"publish","type":"page","link":"https:\/\/cornelia.siteware.ch\/cms\/daf-daz-2\/lesen","title":{"rendered":"Lesen f\u00fcr DaF und DaZ"},"content":{"rendered":"<p>&nbsp;<\/p>\n<p><strong>Deutsche Gedichte f\u00fcr Anf\u00e4nger<\/strong>. Mit Aufgaben. (Haupts\u00e4chlich Kinderreime)<br \/>\n<a href=\"http:\/\/home.mira.net\/~joc\/\">http:\/\/home.mira.net\/~joc\/<\/a><\/p>\n<p><strong>Dubliner Arbeitsbl\u00e4tter:<\/strong> Aufgaben zu authentischen Lesetexten.<br \/>\n<a href=\"http:\/\/www.goethe.de\/ins\/ie\/dub\/lhr\/mat\/de911805.htm\">http:\/\/www.goethe.de\/ins\/ie\/dub\/lhr\/mat\/de911805.htm<\/a><\/p>\n<p><strong>jetzt-online<\/strong>. Online-Magazin vom Goetheinstitut. Aktuelle Texte mit Wortschatzlisten, Aufgaben etc. Nach verschiedenen Lesestrategien geordnet (Globalverstehen, Vorwissen aktivieren etc. Mit vielen Hilfen f\u00fcr Selbstlerner. Ca. ab B1(+).<br \/>\n<a href=\"http:\/\/www.goethe.de\/z\/jetzt\/dejtexte.htm\">http:\/\/www.goethe.de\/z\/jetzt\/dejtexte.htm<\/a><\/p>\n<p><strong>Kaleidoskop<\/strong>. Texte zum Alltagsleben in Deutschland zu den unterschiedlichsten Themen. Lernende aus der ganzen Welt k\u00f6nnen Kommentare dazu schreiben. In der alten Version von Kaleidoskop gibt es auch einige Interviews mit Audio und Transkription.<br \/>\nEinstiegsseite:<a href=\"http:\/\/www.kaleidos.de\/\"> http:\/\/www.kaleidos.de\/<\/a><br \/>\nAlte Version: <a href=\"http:\/\/www.kaleidos.de\/archiv-kaleidoskop\/\">http:\/\/www.kaleidos.de\/archiv-kaleidoskop\/<\/a><\/p>\n<p><strong>Aufgaben zum Leseverstehen<\/strong> aus dem Blog von Andi Neustein. Nach Niveaus geordnet.<br \/>\n<a href=\"http:\/\/deutschlernerblog.de\/uebungen-zum-leseverstehen-deutsch\/\">http:\/\/deutschlernerblog.de\/uebungen-zum-leseverstehen-deutsch\/<\/a><\/p>\n<p><strong>Landeskunde leicht zu Lesen. <\/strong>Texte mit Worterkl\u00e4rungen \u00fcber die deutschsprachigen L\u00e4nder. Ab A2-B1.<br \/>\n<a href=\"http:\/\/www.hueber.de\/seite\/landeskunde_lesen_daf\">http:\/\/www.hueber.de\/seite\/landeskunde_lesen_daf<\/a><\/p>\n<p><strong>Yomunda<\/strong> ist eine Suchmaschine f\u00fcr deutschsprachige Texte. Man kann wie in einer normalen Suchmaschine nach Stichworten suchen und zus\u00e4tzlich sein Sprachniveau angeben und die Texte nach Schwierigkeit des Wortschatzes, der Grammatik oder einer Kombination von beidem sortieren lassen.\u00a0 Wenn man auf \u201clinguistische Detailanalyse\u201d klickt, erh\u00e4lt man zu jedem Text eine Liste, mit W\u00f6rtern, die man auf dem gew\u00e4hlten Niveau wahrscheinlich kennt, welche sich zu lernen lohnen und welche man nachschlagen sollte, weil sie im Text h\u00e4ufig sind.<br \/>\n<a href=\"http:\/\/www.yomunda.com\/\">http:\/\/www.yomunda.com\/<\/a><\/p>\n<p><strong>Texte zum Lesen von dieser Webseite<\/strong><\/p>\n<div id=\"shailan-subpages-13-1\"><ul class=\"subpages\"><li class=\"page_item page-item-1845\"><a href=\"https:\/\/cornelia.siteware.ch\/cms\/daf-daz-2\/lesen\/lesetext-mediennutzung-und-kommunikationstechnologien\"  rel=\"\">Lesetext: Mediennutzung und Kommunikationstechnologien<\/a><\/li>\n<\/ul><\/div>\n<p>&nbsp;<\/p>\n","protected":false},"excerpt":{"rendered":"<p>&nbsp; Deutsche Gedichte f\u00fcr Anf\u00e4nger. Mit Aufgaben. (Haupts\u00e4chlich Kinderreime) http:\/\/home.mira.net\/~joc\/ Dubliner Arbeitsbl\u00e4tter: Aufgaben zu authentischen Lesetexten. http:\/\/www.goethe.de\/ins\/ie\/dub\/lhr\/mat\/de911805.htm jetzt-online. Online-Magazin vom Goetheinstitut. Aktuelle Texte mit Wortschatzlisten, Aufgaben etc. Nach verschiedenen Lesestrategien geordnet (Globalverstehen, Vorwissen aktivieren etc. Mit vielen Hilfen f\u00fcr Selbstlerner. Ca. ab B1(+). http:\/\/www.goethe.de\/z\/jetzt\/dejtexte.htm Kaleidoskop. Texte zum Alltagsleben in Deutschland zu den unterschiedlichsten Themen. Lernende <a href='https:\/\/cornelia.siteware.ch\/cms\/daf-daz-2\/lesen' class='excerpt-more'>[&#8230;]<\/a><\/p>\n","protected":false},"author":4,"featured_media":0,"parent":49,"menu_order":5,"comment_status":"closed","ping_status":"closed","template":"","meta":{"footnotes":"","_links_to":"","_links_to_target":""},"_links":{"self":[{"href":"https:\/\/cornelia.siteware.ch\/cms\/wp-json\/wp\/v2\/pages\/13"}],"collection":[{"href":"https:\/\/cornelia.siteware.ch\/cms\/wp-json\/wp\/v2\/pages"}],"about":[{"href":"https:\/\/cornelia.siteware.ch\/cms\/wp-json\/wp\/v2\/types\/page"}],"author":[{"embeddable":true,"href":"https:\/\/cornelia.siteware.ch\/cms\/wp-json\/wp\/v2\/users\/4"}],"replies":[{"embeddable":true,"href":"https:\/\/cornelia.siteware.ch\/cms\/wp-json\/wp\/v2\/comments?post=13"}],"version-history":[{"count":26,"href":"https:\/\/cornelia.siteware.ch\/cms\/wp-json\/wp\/v2\/pages\/13\/revisions"}],"predecessor-version":[{"id":1889,"href":"https:\/\/cornelia.siteware.ch\/cms\/wp-json\/wp\/v2\/pages\/13\/revisions\/1889"}],"up":[{"embeddable":true,"href":"https:\/\/cornelia.siteware.ch\/cms\/wp-json\/wp\/v2\/pages\/49"}],"wp:attachment":[{"href":"https:\/\/cornelia.siteware.ch\/cms\/wp-json\/wp\/v2\/media?parent=13"}],"curies":[{"name":"wp","href":"https:\/\/api.w.org\/{rel}","templated":true}]}}