{"id":1140,"date":"2012-04-08T20:30:12","date_gmt":"2012-04-08T19:30:12","guid":{"rendered":"http:\/\/cornelia.siteware.ch\/cms\/?page_id=1140"},"modified":"2012-04-11T15:46:33","modified_gmt":"2012-04-11T14:46:33","slug":"modalverben","status":"publish","type":"page","link":"https:\/\/cornelia.siteware.ch\/cms\/daf-daz-2\/grammatik\/verben\/verschiedene-verbtypen\/modalverben","title":{"rendered":"Modalverben"},"content":{"rendered":"<p>&nbsp;<\/p>\n<p><a href=\"http:\/\/cornelia.siteware.ch\/cms\/wp-content\/uploads\/2012\/04\/Bild-219.png\"><img decoding=\"async\" loading=\"lazy\" class=\"alignnone size-full wp-image-1141\" title=\"Modalverben\" src=\"http:\/\/cornelia.siteware.ch\/cms\/wp-content\/uploads\/2012\/04\/Bild-219.png\" alt=\"\u00dcbersicht \u00fcber die Formen der Modalverben\" width=\"864\" height=\"395\" srcset=\"https:\/\/cornelia.siteware.ch\/cms\/wp-content\/uploads\/2012\/04\/Bild-219.png 864w, https:\/\/cornelia.siteware.ch\/cms\/wp-content\/uploads\/2012\/04\/Bild-219-300x137.png 300w\" sizes=\"(max-width: 864px) 100vw, 864px\" \/><\/a><\/p>\n<p>*m\u00f6chten: m\u00f6chten ist kein richtiger Infinitiv. \u201em\u00f6chte\/n\u201c ist der Konjunktiv zu m\u00f6gen. Deshalb hat \u201em\u00f6chten\u201c auch keine eigene Vergangenheit. Man benutzt die Vergangenheit von \u201ewollen\u201c.<br \/>\n<em><small>\u201cm\u00f6chten\u201d (would like) is no real infinitive, but the conditional of \u201cm\u00f6gen\u201d. For that reason \u201cm\u00f6chte\/n does not have a past form. Instead, it is substituted by the past forms of \u201cwollen\u201d.<\/small><\/em><\/p>\n<p>**m\u00f6gen = lieben, gern haben. M\u00f6gen in dieser Bedeutung benutzt man meistens mit Nomen, also ohne Infinitiv. Mit Infinitiven ben\u00fctzt man meistens gern + Verb.<br \/>\n<em><small>m\u00f6gen = love, like. M\u00f6gen in this reading is mostly used without nouns, i.e. without infinitive. Infinitives are combinded with gern.<\/small><\/em><\/p>\n<ul>\n<li>Er mag sie sehr.<\/li>\n<li>Katzen mag sie \u00fcberhaupt nicht.<\/li>\n<li>Er mag K\u00e4se. &#8211; Er isst gern K\u00e4se.<\/li>\n<li>Sie schwimmt sehr gern.<\/li>\n<\/ul>\n<p>&nbsp;<\/p>\n<p><strong>\u00dcbungen im Netz<\/strong><\/p>\n<div class=\"note\">\n<ul>\n<li>Liste mit <a href=\"http:\/\/deutsch-lerner.blog.de\/2009\/03\/22\/modalverben-gebrauch-deklination-praesens-perfekt-praeteritum-5809117\/\">\u00dcbungen zu den Modalverben<\/a>\u00a0 (zusammengestellt von deutsch-lerner.blog.de)<\/li>\n<li><a href=\"http:\/\/www.schubert-verlag.de\/aufgaben\/xg\/xg03_07.htm\">Wie heisst das richtige Modalverb? <\/a>(Schubert Verlag)<\/li>\n<\/ul>\n<\/div>\n","protected":false},"excerpt":{"rendered":"<p>&nbsp; *m\u00f6chten: m\u00f6chten ist kein richtiger Infinitiv. \u201em\u00f6chte\/n\u201c ist der Konjunktiv zu m\u00f6gen. Deshalb hat \u201em\u00f6chten\u201c auch keine eigene Vergangenheit. Man benutzt die Vergangenheit von \u201ewollen\u201c. \u201cm\u00f6chten\u201d (would like) is no real infinitive, but the conditional of \u201cm\u00f6gen\u201d. For that reason \u201cm\u00f6chte\/n does not have a past form. Instead, it is substituted by the past <a href='https:\/\/cornelia.siteware.ch\/cms\/daf-daz-2\/grammatik\/verben\/verschiedene-verbtypen\/modalverben' class='excerpt-more'>[&#8230;]<\/a><\/p>\n","protected":false},"author":4,"featured_media":0,"parent":993,"menu_order":0,"comment_status":"closed","ping_status":"closed","template":"","meta":{"footnotes":"","_links_to":"","_links_to_target":""},"_links":{"self":[{"href":"https:\/\/cornelia.siteware.ch\/cms\/wp-json\/wp\/v2\/pages\/1140"}],"collection":[{"href":"https:\/\/cornelia.siteware.ch\/cms\/wp-json\/wp\/v2\/pages"}],"about":[{"href":"https:\/\/cornelia.siteware.ch\/cms\/wp-json\/wp\/v2\/types\/page"}],"author":[{"embeddable":true,"href":"https:\/\/cornelia.siteware.ch\/cms\/wp-json\/wp\/v2\/users\/4"}],"replies":[{"embeddable":true,"href":"https:\/\/cornelia.siteware.ch\/cms\/wp-json\/wp\/v2\/comments?post=1140"}],"version-history":[{"count":7,"href":"https:\/\/cornelia.siteware.ch\/cms\/wp-json\/wp\/v2\/pages\/1140\/revisions"}],"predecessor-version":[{"id":1143,"href":"https:\/\/cornelia.siteware.ch\/cms\/wp-json\/wp\/v2\/pages\/1140\/revisions\/1143"}],"up":[{"embeddable":true,"href":"https:\/\/cornelia.siteware.ch\/cms\/wp-json\/wp\/v2\/pages\/993"}],"wp:attachment":[{"href":"https:\/\/cornelia.siteware.ch\/cms\/wp-json\/wp\/v2\/media?parent=1140"}],"curies":[{"name":"wp","href":"https:\/\/api.w.org\/{rel}","templated":true}]}}