{"id":1116,"date":"2012-04-08T13:08:21","date_gmt":"2012-04-08T12:08:21","guid":{"rendered":"http:\/\/cornelia.siteware.ch\/cms\/?page_id=1116"},"modified":"2012-04-08T13:14:44","modified_gmt":"2012-04-08T12:14:44","slug":"formen-von-komparativ-und-superlativ","status":"publish","type":"page","link":"https:\/\/cornelia.siteware.ch\/cms\/daf-daz-2\/grammatik\/adjektive\/steigerung-komparation\/formen-von-komparativ-und-superlativ","title":{"rendered":"Formen von Komparativ und Superlativ"},"content":{"rendered":"<div>\n<p>Der <strong>Komparativ<\/strong> wird mit <strong>-er<\/strong> gebildet:<\/p>\n<ul>\n<li>klein<strong>er<\/strong>, gr\u00f6ss<strong>er<\/strong>, laut<strong>er<\/strong>, schnell<strong>er<\/strong><\/li>\n<\/ul>\n<p><strong>Adjektive auf -el:<\/strong> im Komparativ f\u00e4llt das -e weg.<\/p>\n<p>Beispiele:<\/p>\n<ul>\n<li>dunkel, dun<strong>kl<\/strong>er, am dunkelsten<\/li>\n<li>eitel, ei<strong>tl<\/strong>er, am eitelsten<\/li>\n<\/ul>\n<p><strong>Adjektive auf\u00a0 -er vor Diphtong<\/strong> (au, \u00e4u, ei, ei): im Komparativ f\u00e4llt das -e weg.<\/p>\n<ul>\n<li>teuer, teu<strong>r<\/strong>er, am teuersten<\/li>\n<li>sauer, sau<strong>r<\/strong>er, am sauersten<\/li>\n<\/ul>\n<p><strong>Adjektive auf -en und den restlichen Adjektiven auf -er:<\/strong> Das e kann (muss aber nicht) wegfallen.<\/p>\n<ul>\n<li>ein bescheid(e)nerer Mensch, heit(e)reres Wetter&#8230;.<\/li>\n<\/ul>\n<p>Der <strong>Superlativ<\/strong> wird mit <strong>-st-<\/strong> gebildet: am klein<strong>st<\/strong>en, das klein<strong>st<\/strong>e Haus<br \/>\nAdjektive auf &#8211;<strong>d, -t, -s, -ss (\u00df), -sch, -x, -z<\/strong> bilden den Superlativ auf <strong>-est<\/strong>.Beispiele:<\/p>\n<ul>\n<li>am frisch<strong>est<\/strong>en \/ der frisch<strong>est<\/strong>e Fisch<\/li>\n<li>am laut<strong>est<\/strong>en \/ die laut<strong>est<\/strong>e Strasse von Z\u00fcrich<\/li>\n<li>am k\u00fcrz<strong>est<\/strong>en \/ auf dem k\u00fcrz<strong>est<\/strong>en Weg<\/li>\n<li>am heiss<strong>est<\/strong>en (hei\u00dfesten) \/ Das war der heiss<strong>es<\/strong>te Tag dieses Sommers.<\/li>\n<\/ul>\n<p>Aber: am gr\u00f6ssten (D: gr\u00f6\u00dften) \/ der, die, das gr\u00f6sste (D: gr\u00f6\u00dfte) &#8230;!<\/p>\n<p><strong>Spezielle Formen<\/strong><\/p>\n<p>Umlaut im Komparativ und Superlativ (alt, \u00e4lter, am \u00e4ltesten)<br \/>\nBeispiele:<\/p>\n<\/div>\n<div>\n<ul>\n<li>alt und jung<\/li>\n<li>klug und dumm<\/li>\n<li>kurz und lang<\/li>\n<li>warm und kalt<\/li>\n<li>stark und schwach<\/li>\n<li>krank und gesund*<\/li>\n<li>arm, scharf,\u00a0 schwarz,\u00a0 grob, gross, hart<\/li>\n<\/ul>\n<\/div>\n<p>meistens mit Umlaut: gesund, blass, glatt, nass, schmal, fromm, rot.<\/p>\n<p>(Von diesen Adjektiven gibt es auch Formen ohne Umlaut).<\/p>\n<p><strong>Unregelm\u00e4ssige Formen<\/strong><\/p>\n<ul>\n<li>hoch: h\u00f6her am h\u00f6chsten<\/li>\n<li>nahe: n\u00e4her, am n\u00e4chsten,<\/li>\n<li>gut: besser, am besten<\/li>\n<li>viel: mehr, am meisten<\/li>\n<li>gern: lieber, am liebsten<\/li>\n<\/ul>\n<p>&nbsp;<\/p>\n<p>&nbsp;<\/p>\n","protected":false},"excerpt":{"rendered":"<p>Der Komparativ wird mit -er gebildet: kleiner, gr\u00f6sser, lauter, schneller Adjektive auf -el: im Komparativ f\u00e4llt das -e weg. Beispiele: dunkel, dunkler, am dunkelsten eitel, eitler, am eitelsten Adjektive auf\u00a0 -er vor Diphtong (au, \u00e4u, ei, ei): im Komparativ f\u00e4llt das -e weg. teuer, teurer, am teuersten sauer, saurer, am sauersten Adjektive auf -en und <a href='https:\/\/cornelia.siteware.ch\/cms\/daf-daz-2\/grammatik\/adjektive\/steigerung-komparation\/formen-von-komparativ-und-superlativ' class='excerpt-more'>[&#8230;]<\/a><\/p>\n","protected":false},"author":4,"featured_media":0,"parent":1114,"menu_order":0,"comment_status":"closed","ping_status":"closed","template":"","meta":{"footnotes":"","_links_to":"","_links_to_target":""},"_links":{"self":[{"href":"https:\/\/cornelia.siteware.ch\/cms\/wp-json\/wp\/v2\/pages\/1116"}],"collection":[{"href":"https:\/\/cornelia.siteware.ch\/cms\/wp-json\/wp\/v2\/pages"}],"about":[{"href":"https:\/\/cornelia.siteware.ch\/cms\/wp-json\/wp\/v2\/types\/page"}],"author":[{"embeddable":true,"href":"https:\/\/cornelia.siteware.ch\/cms\/wp-json\/wp\/v2\/users\/4"}],"replies":[{"embeddable":true,"href":"https:\/\/cornelia.siteware.ch\/cms\/wp-json\/wp\/v2\/comments?post=1116"}],"version-history":[{"count":3,"href":"https:\/\/cornelia.siteware.ch\/cms\/wp-json\/wp\/v2\/pages\/1116\/revisions"}],"predecessor-version":[{"id":1118,"href":"https:\/\/cornelia.siteware.ch\/cms\/wp-json\/wp\/v2\/pages\/1116\/revisions\/1118"}],"up":[{"embeddable":true,"href":"https:\/\/cornelia.siteware.ch\/cms\/wp-json\/wp\/v2\/pages\/1114"}],"wp:attachment":[{"href":"https:\/\/cornelia.siteware.ch\/cms\/wp-json\/wp\/v2\/media?parent=1116"}],"curies":[{"name":"wp","href":"https:\/\/api.w.org\/{rel}","templated":true}]}}

<div>
<p>Der <strong>Komparativ</strong> wird mit <strong>-er</strong> gebildet:</p>
<ul>
<li>klein<strong>er</strong>, gröss<strong>er</strong>, laut<strong>er</strong>, schnell<strong>er</strong></li>
</ul>
<p><strong>Adjektive auf -el:</strong> im Komparativ fällt das -e weg.</p>
<p>Beispiele:</p>
<ul>
<li>dunkel, dun<strong>kl</strong>er, am dunkelsten</li>
<li>eitel, ei<strong>tl</strong>er, am eitelsten</li>
</ul>
<p><strong>Adjektive auf  -er vor Diphtong</strong> (au, äu, ei, ei): im Komparativ fällt das -e weg.</p>
<ul>
<li>teuer, teu<strong>r</strong>er, am teuersten</li>
<li>sauer, sau<strong>r</strong>er, am sauersten</li>
</ul>
<p><strong>Adjektive auf -en und den restlichen Adjektiven auf -er:</strong> Das e kann (muss aber nicht) wegfallen.</p>
<ul>
<li>ein bescheid(e)nerer Mensch, heit(e)reres Wetter&#8230;.</li>
</ul>
<p>Der <strong>Superlativ</strong> wird mit <strong>-st-</strong> gebildet: am klein<strong>st</strong>en, das klein<strong>st</strong>e Haus<br />
Adjektive auf &#8211;<strong>d, -t, -s, -ss (ß), -sch, -x, -z</strong> bilden den Superlativ auf <strong>-est</strong>.Beispiele:</p>
<ul>
<li>am frisch<strong>est</strong>en / der frisch<strong>est</strong>e Fisch</li>
<li>am laut<strong>est</strong>en / die laut<strong>est</strong>e Strasse von Zürich</li>
<li>am kürz<strong>est</strong>en / auf dem kürz<strong>est</strong>en Weg</li>
<li>am heiss<strong>est</strong>en (heißesten) / Das war der heiss<strong>es</strong>te Tag dieses Sommers.</li>
</ul>
<p>Aber: am grössten (D: größten) / der, die, das grösste (D: größte) &#8230;!</p>
<p><strong>Spezielle Formen</strong></p>
<p>Umlaut im Komparativ und Superlativ (alt, älter, am ältesten)<br />
Beispiele:</p>
</div>
<div>
<ul>
<li>alt und jung</li>
<li>klug und dumm</li>
<li>kurz und lang</li>
<li>warm und kalt</li>
<li>stark und schwach</li>
<li>krank und gesund*</li>
<li>arm, scharf,  schwarz,  grob, gross, hart</li>
</ul>
</div>
<p>meistens mit Umlaut: gesund, blass, glatt, nass, schmal, fromm, rot.</p>
<p>(Von diesen Adjektiven gibt es auch Formen ohne Umlaut).</p>
<p><strong>Unregelmässige Formen</strong></p>
<ul>
<li>hoch: höher am höchsten</li>
<li>nahe: näher, am nächsten,</li>
<li>gut: besser, am besten</li>
<li>viel: mehr, am meisten</li>
<li>gern: lieber, am liebsten</li>
</ul>
<p>&nbsp;</p>
<p>&nbsp;</p>

<p>Der Komparativ wird mit -er gebildet: kleiner, grösser, lauter, schneller Adjektive auf -el: im Komparativ fällt das -e weg. Beispiele: dunkel, dunkler, am dunkelsten eitel, eitler, am eitelsten Adjektive auf  -er vor Diphtong (au, äu, ei, ei): im Komparativ fällt das -e weg. teuer, teurer, am teuersten sauer, saurer, am sauersten Adjektive auf -en und <a href='https://cornelia.siteware.ch/cms/daf-daz-2/grammatik/adjektive/steigerung-komparation/formen-von-komparativ-und-superlativ' class='excerpt-more'>[&#8230;]</a></p>
