{"id":1080,"date":"2012-04-08T12:07:07","date_gmt":"2012-04-08T11:07:07","guid":{"rendered":"http:\/\/cornelia.siteware.ch\/cms\/?page_id=1080"},"modified":"2012-04-14T15:00:57","modified_gmt":"2012-04-14T14:00:57","slug":"faelle-kasus-the-case","status":"publish","type":"page","link":"https:\/\/cornelia.siteware.ch\/cms\/daf-daz-2\/grammatik\/nomen-artikel-und-pronomen\/faelle-kasus-the-case","title":{"rendered":"Die F\u00e4lle (Kasus) &#8211; The cases"},"content":{"rendered":"<p>Im Deutschen gibt es <strong>vier F\u00e4lle<\/strong> (lat.: Kasus): Nominativ, Akkusativ, Dativ und Genitiv. F\u00e4lle sind <strong>Sets von Formen<\/strong> f\u00fcr <a href=\"http:\/\/cornelia.siteware.ch\/cms\/daf-daz-2\/grammatik\/nomen-artikel-und-pronomen\/faelle-kasus-the-case\/nominalgruppen-noun-groups\">Nominalgruppen<\/a>. Unten siehst du ein Beispiel f\u00fcr die Formen des Dativs. Die Formen passen alle in den Satz &#8222;Die Kinder spielen mit &#8230;&#8220;. \u2192 Die Kinder spielen mit\u00a0<strong>dem neuen Fussball<\/strong> \/<strong> schwarzen Katzen <\/strong>\/ <strong>einem gelben Velo<\/strong>.<br \/>\n<em><small>German has four cases (kasus in latin): Nominativ, Akkusativ, Dativ, Genitiv. Cases are sets of grammatical forms for noun groups. The example below shows the dative case forms. They all fit into the scentence &#8222;Die Kinder spielen mit &#8230;&#8220; \u2192 The kids play with the new football \/ black cats \/ a yellow bicycle.<br \/>\n<\/small><\/em><\/p>\n<p><a href=\"http:\/\/cornelia.siteware.ch\/cms\/wp-content\/uploads\/2012\/04\/Bild-228.png\"><img decoding=\"async\" loading=\"lazy\" class=\"alignnone size-full wp-image-1181\" title=\"Nominalgruppen im Dativ\" src=\"http:\/\/cornelia.siteware.ch\/cms\/wp-content\/uploads\/2012\/04\/Bild-228.png\" alt=\"\" width=\"734\" height=\"231\" srcset=\"https:\/\/cornelia.siteware.ch\/cms\/wp-content\/uploads\/2012\/04\/Bild-228.png 734w, https:\/\/cornelia.siteware.ch\/cms\/wp-content\/uploads\/2012\/04\/Bild-228-300x94.png 300w\" sizes=\"(max-width: 734px) 100vw, 734px\" \/><\/a><\/p>\n<p><strong>Mehr Informationen zu den F\u00e4llen &#8211; More Information about the cases<br \/>\n<\/strong><\/p>\n<div id=\"shailan-subpages-1080-1\"><ul class=\"subpages\"><li class=\"page_item page-item-1121\"><a href=\"https:\/\/cornelia.siteware.ch\/cms\/daf-daz-2\/grammatik\/nomen-artikel-und-pronomen\/faelle-kasus-the-case\/formenubersicht-nomen-und-artikel\"  rel=\"\">Formen\u00fcbersicht Nomen und Artikel<\/a>\n<ul class='children'>\n\t<li class=\"page_item page-item-1490\"><a href=\"https:\/\/cornelia.siteware.ch\/cms\/daf-daz-2\/grammatik\/nomen-artikel-und-pronomen\/faelle-kasus-the-case\/formenubersicht-nomen-und-artikel\/adjektive-als-nomen\"  rel=\"\">Adjektive als Nomen<\/a><\/li>\n\t<li class=\"page_item page-item-1473\"><a href=\"https:\/\/cornelia.siteware.ch\/cms\/daf-daz-2\/grammatik\/nomen-artikel-und-pronomen\/faelle-kasus-the-case\/formenubersicht-nomen-und-artikel\/nomen-mit-spezieller-deklination\"  rel=\"\">n-Deklination<\/a><\/li>\n<\/ul>\n<\/li>\n<li class=\"page_item page-item-1128\"><a href=\"https:\/\/cornelia.siteware.ch\/cms\/daf-daz-2\/grammatik\/nomen-artikel-und-pronomen\/faelle-kasus-the-case\/formenubersicht-pronomen\"  rel=\"\">Formen\u00fcbersicht Pronomen<\/a><\/li>\n<li class=\"page_item page-item-1178\"><a href=\"https:\/\/cornelia.siteware.ch\/cms\/daf-daz-2\/grammatik\/nomen-artikel-und-pronomen\/faelle-kasus-the-case\/nominalgruppen-noun-groups\"  rel=\"\">Nominalgruppen - Noun groups<\/a><\/li>\n<li class=\"page_item page-item-1195\"><a href=\"https:\/\/cornelia.siteware.ch\/cms\/daf-daz-2\/grammatik\/nomen-artikel-und-pronomen\/faelle-kasus-the-case\/was-sind-die-falle-what-are-cases\"  rel=\"\">Was sind die F\u00e4lle - What are cases?<\/a><\/li>\n<\/ul><\/div>\n","protected":false},"excerpt":{"rendered":"<p>Im Deutschen gibt es vier F\u00e4lle (lat.: Kasus): Nominativ, Akkusativ, Dativ und Genitiv. F\u00e4lle sind Sets von Formen f\u00fcr Nominalgruppen. Unten siehst du ein Beispiel f\u00fcr die Formen des Dativs. Die Formen passen alle in den Satz &#8222;Die Kinder spielen mit &#8230;&#8220;. \u2192 Die Kinder spielen mit\u00a0dem neuen Fussball \/ schwarzen Katzen \/ einem gelben <a href='https:\/\/cornelia.siteware.ch\/cms\/daf-daz-2\/grammatik\/nomen-artikel-und-pronomen\/faelle-kasus-the-case' class='excerpt-more'>[&#8230;]<\/a><\/p>\n","protected":false},"author":4,"featured_media":0,"parent":1087,"menu_order":4,"comment_status":"open","ping_status":"closed","template":"","meta":{"footnotes":"","_links_to":"","_links_to_target":""},"_links":{"self":[{"href":"https:\/\/cornelia.siteware.ch\/cms\/wp-json\/wp\/v2\/pages\/1080"}],"collection":[{"href":"https:\/\/cornelia.siteware.ch\/cms\/wp-json\/wp\/v2\/pages"}],"about":[{"href":"https:\/\/cornelia.siteware.ch\/cms\/wp-json\/wp\/v2\/types\/page"}],"author":[{"embeddable":true,"href":"https:\/\/cornelia.siteware.ch\/cms\/wp-json\/wp\/v2\/users\/4"}],"replies":[{"embeddable":true,"href":"https:\/\/cornelia.siteware.ch\/cms\/wp-json\/wp\/v2\/comments?post=1080"}],"version-history":[{"count":23,"href":"https:\/\/cornelia.siteware.ch\/cms\/wp-json\/wp\/v2\/pages\/1080\/revisions"}],"predecessor-version":[{"id":1416,"href":"https:\/\/cornelia.siteware.ch\/cms\/wp-json\/wp\/v2\/pages\/1080\/revisions\/1416"}],"up":[{"embeddable":true,"href":"https:\/\/cornelia.siteware.ch\/cms\/wp-json\/wp\/v2\/pages\/1087"}],"wp:attachment":[{"href":"https:\/\/cornelia.siteware.ch\/cms\/wp-json\/wp\/v2\/media?parent=1080"}],"curies":[{"name":"wp","href":"https:\/\/api.w.org\/{rel}","templated":true}]}}