{"id":809,"date":"2012-04-06T21:44:56","date_gmt":"2012-04-06T20:44:56","guid":{"rendered":"http:\/\/cornelia.siteware.ch\/cms\/?page_id=809"},"modified":"2012-04-08T12:40:22","modified_gmt":"2012-04-08T11:40:22","slug":"verben","status":"publish","type":"page","link":"http:\/\/cornelia.siteware.ch\/cms\/daf-daz-2\/grammatik\/verben","title":{"rendered":"Verben"},"content":{"rendered":"<div id=\"shailan-subpages-809-1\"><ul class=\"subpages\"><li class=\"page_item page-item-886\"><a href=\"http:\/\/cornelia.siteware.ch\/cms\/daf-daz-2\/grammatik\/verben\/die-stammformen\"  rel=\"\">Die Stammformen<\/a><\/li>\n<li class=\"page_item page-item-813\"><a href=\"http:\/\/cornelia.siteware.ch\/cms\/daf-daz-2\/grammatik\/verben\/grammatikbegriffe-verben\"  rel=\"\">Grammatikbegriffe: Verben<\/a><\/li>\n<li class=\"page_item page-item-951\"><a href=\"http:\/\/cornelia.siteware.ch\/cms\/daf-daz-2\/grammatik\/verben\/tempora-tenses\"  rel=\"\">Tempora - Tenses<\/a>\n<ul class='children'>\n\t<li class=\"page_item page-item-817\"><a href=\"http:\/\/cornelia.siteware.ch\/cms\/daf-daz-2\/grammatik\/verben\/tempora-tenses\/817-2\"  rel=\"\">Pr\u00e4sens<\/a>\n\t<ul class='children'>\n\t\t<li class=\"page_item page-item-838\"><a href=\"http:\/\/cornelia.siteware.ch\/cms\/daf-daz-2\/grammatik\/verben\/tempora-tenses\/817-2\/die-verben-haben-und-sein\"  rel=\"\">Die Verben haben und sein<\/a><\/li>\n\t\t<li class=\"page_item page-item-833\"><a href=\"http:\/\/cornelia.siteware.ch\/cms\/daf-daz-2\/grammatik\/verben\/tempora-tenses\/817-2\/regelmassige-verben-schwache-verben\"  rel=\"\">Regelm\u00e4ssige Verben (schwache Verben) - Regular (weak) Verbs<\/a><\/li>\n\t\t<li class=\"page_item page-item-828\"><a href=\"http:\/\/cornelia.siteware.ch\/cms\/daf-daz-2\/grammatik\/verben\/tempora-tenses\/817-2\/zusatzregeln-zur-konjugation-der-regelmassigen-verben\"  rel=\"\">Zusatzregeln zur Konjugation der regelm\u00e4ssigen Verben<\/a><\/li>\n\t\t<li class=\"page_item page-item-826\"><a href=\"http:\/\/cornelia.siteware.ch\/cms\/daf-daz-2\/grammatik\/verben\/tempora-tenses\/817-2\/unregelmassige-verben-im-prasens\"  rel=\"\">unregelm\u00e4ssige Verben im Pr\u00e4sens<\/a><\/li>\n\t<\/ul>\n<\/li>\n\t<li class=\"page_item page-item-942\"><a href=\"http:\/\/cornelia.siteware.ch\/cms\/daf-daz-2\/grammatik\/verben\/tempora-tenses\/futur-i\"  rel=\"\">Futur I<\/a><\/li>\n\t<li class=\"page_item page-item-915\"><a href=\"http:\/\/cornelia.siteware.ch\/cms\/daf-daz-2\/grammatik\/verben\/tempora-tenses\/prateritum-imperfekt\"  rel=\"\">Pr\u00e4teritum (Imperfekt)<\/a>\n\t<ul class='children'>\n\t\t<li class=\"page_item page-item-917\"><a href=\"http:\/\/cornelia.siteware.ch\/cms\/daf-daz-2\/grammatik\/verben\/tempora-tenses\/prateritum-imperfekt\/prateritum-regelmassige-verben\"  rel=\"\">Pr\u00e4teritum: regelm\u00e4ssige Verben<\/a><\/li>\n\t\t<li class=\"page_item page-item-919\"><a href=\"http:\/\/cornelia.siteware.ch\/cms\/daf-daz-2\/grammatik\/verben\/tempora-tenses\/prateritum-imperfekt\/prateritum-unregelmassige-verben\"  rel=\"\">Pr\u00e4teritum: unregelm\u00e4ssige Verben<\/a><\/li>\n\t<\/ul>\n<\/li>\n\t<li class=\"page_item page-item-856\"><a href=\"http:\/\/cornelia.siteware.ch\/cms\/daf-daz-2\/grammatik\/verben\/tempora-tenses\/perfekt\"  rel=\"\">Perfekt<\/a>\n\t<ul class='children'>\n\t\t<li class=\"page_item page-item-859\"><a href=\"http:\/\/cornelia.siteware.ch\/cms\/daf-daz-2\/grammatik\/verben\/tempora-tenses\/perfekt\/partizip-perfekt\"  rel=\"\">Partizip Perfekt (= Partizip II)<\/a><\/li>\n\t\t<li class=\"page_item page-item-866\"><a href=\"http:\/\/cornelia.siteware.ch\/cms\/daf-daz-2\/grammatik\/verben\/tempora-tenses\/perfekt\/hilfsverben-im-perfekt\"  rel=\"\">Hilfsverben im Perfekt<\/a><\/li>\n\t<\/ul>\n<\/li>\n\t<li class=\"page_item page-item-964\"><a href=\"http:\/\/cornelia.siteware.ch\/cms\/daf-daz-2\/grammatik\/verben\/tempora-tenses\/plusquamperfekt\"  rel=\"\">Plusquamperfekt<\/a><\/li>\n\t<li class=\"page_item page-item-972\"><a href=\"http:\/\/cornelia.siteware.ch\/cms\/daf-daz-2\/grammatik\/verben\/tempora-tenses\/reale-und-grammatische-zeit-time-and-tense\"  rel=\"\">Reale und grammatische Zeit - Time and Tense<\/a>\n\t<ul class='children'>\n\t\t<li class=\"page_item page-item-984\"><a href=\"http:\/\/cornelia.siteware.ch\/cms\/daf-daz-2\/grammatik\/verben\/tempora-tenses\/reale-und-grammatische-zeit-time-and-tense\/die-vergangenheit-the-past\"  rel=\"\">Die Vergangenheit - The Past<\/a><\/li>\n\t\t<li class=\"page_item page-item-978\"><a href=\"http:\/\/cornelia.siteware.ch\/cms\/daf-daz-2\/grammatik\/verben\/tempora-tenses\/reale-und-grammatische-zeit-time-and-tense\/die-zukunft-the-future\"  rel=\"\">Die Zukunft - The future<\/a><\/li>\n\t<\/ul>\n<\/li>\n<\/ul>\n<\/li>\n<li class=\"page_item page-item-1364\"><a href=\"http:\/\/cornelia.siteware.ch\/cms\/daf-daz-2\/grammatik\/verben\/verben-und-ihre-erganzungen\"  rel=\"\">Verben und ihre Erg\u00e4nzungen<\/a>\n<ul class='children'>\n\t<li class=\"page_item page-item-1372\"><a href=\"http:\/\/cornelia.siteware.ch\/cms\/daf-daz-2\/grammatik\/verben\/verben-und-ihre-erganzungen\/verben-mit-akkusativobjekt\"  rel=\"\">Verben mit Akkusativobjekt<\/a><\/li>\n\t<li class=\"page_item page-item-1780\"><a href=\"http:\/\/cornelia.siteware.ch\/cms\/daf-daz-2\/grammatik\/verben\/verben-und-ihre-erganzungen\/verben-mit-dativobjekt\"  rel=\"\">Verben mit Dativobjekt<\/a><\/li>\n<\/ul>\n<\/li>\n<li class=\"page_item page-item-993\"><a href=\"http:\/\/cornelia.siteware.ch\/cms\/daf-daz-2\/grammatik\/verben\/verschiedene-verbtypen\"  rel=\"\">Verschiedene Verbtypen<\/a>\n<ul class='children'>\n\t<li class=\"page_item page-item-1140\"><a href=\"http:\/\/cornelia.siteware.ch\/cms\/daf-daz-2\/grammatik\/verben\/verschiedene-verbtypen\/modalverben\"  rel=\"\">Modalverben<\/a><\/li>\n\t<li class=\"page_item page-item-995\"><a href=\"http:\/\/cornelia.siteware.ch\/cms\/daf-daz-2\/grammatik\/verben\/verschiedene-verbtypen\/verben-mit-praefix-verbs-with-prefix\"  rel=\"\">Verben mit Pr\u00e4fix - Verbs with Prefix<\/a>\n\t<ul class='children'>\n\t\t<li class=\"page_item page-item-999\"><a href=\"http:\/\/cornelia.siteware.ch\/cms\/daf-daz-2\/grammatik\/verben\/verschiedene-verbtypen\/verben-mit-praefix-verbs-with-prefix\/trennbare-und-nicht-trennbare-verben\"  rel=\"\">Trennbare und nicht trennbare Verben<\/a><\/li>\n\t\t<li class=\"page_item page-item-1007\"><a href=\"http:\/\/cornelia.siteware.ch\/cms\/daf-daz-2\/grammatik\/verben\/verschiedene-verbtypen\/verben-mit-praefix-verbs-with-prefix\/trennbare-verben-im-satz-syntax\"  rel=\"\">Trennbare Verben im Satz - Syntax<\/a><\/li>\n\t<\/ul>\n<\/li>\n<\/ul>\n<\/li>\n<li class=\"page_item page-item-1311\"><a href=\"http:\/\/cornelia.siteware.ch\/cms\/daf-daz-2\/grammatik\/verben\/imparativ\"  rel=\"\">Imperativ - Imperative<\/a><\/li>\n<\/ul><\/div>\n","protected":false},"excerpt":{"rendered":"<p>Die Stammformen Grammatikbegriffe: Verben Tempora &#8211; Tenses Pr\u00e4sens Die Verben haben und sein Regelm\u00e4ssige Verben (schwache Verben) &#8211; Regular (weak) Verbs Zusatzregeln zur Konjugation der regelm\u00e4ssigen Verben unregelm\u00e4ssige Verben im Pr\u00e4sens Futur I Pr\u00e4teritum (Imperfekt) Pr\u00e4teritum: regelm\u00e4ssige Verben Pr\u00e4teritum: unregelm\u00e4ssige Verben Perfekt Partizip Perfekt (= Partizip II) Hilfsverben im Perfekt Plusquamperfekt Reale und grammatische Zeit <a href='http:\/\/cornelia.siteware.ch\/cms\/daf-daz-2\/grammatik\/verben' class='excerpt-more'>[&#8230;]<\/a><\/p>\n","protected":false},"author":4,"featured_media":0,"parent":4,"menu_order":1,"comment_status":"closed","ping_status":"closed","template":"","meta":{"footnotes":"","_links_to":"","_links_to_target":""},"_links":{"self":[{"href":"http:\/\/cornelia.siteware.ch\/cms\/wp-json\/wp\/v2\/pages\/809"}],"collection":[{"href":"http:\/\/cornelia.siteware.ch\/cms\/wp-json\/wp\/v2\/pages"}],"about":[{"href":"http:\/\/cornelia.siteware.ch\/cms\/wp-json\/wp\/v2\/types\/page"}],"author":[{"embeddable":true,"href":"http:\/\/cornelia.siteware.ch\/cms\/wp-json\/wp\/v2\/users\/4"}],"replies":[{"embeddable":true,"href":"http:\/\/cornelia.siteware.ch\/cms\/wp-json\/wp\/v2\/comments?post=809"}],"version-history":[{"count":5,"href":"http:\/\/cornelia.siteware.ch\/cms\/wp-json\/wp\/v2\/pages\/809\/revisions"}],"predecessor-version":[{"id":1100,"href":"http:\/\/cornelia.siteware.ch\/cms\/wp-json\/wp\/v2\/pages\/809\/revisions\/1100"}],"up":[{"embeddable":true,"href":"http:\/\/cornelia.siteware.ch\/cms\/wp-json\/wp\/v2\/pages\/4"}],"wp:attachment":[{"href":"http:\/\/cornelia.siteware.ch\/cms\/wp-json\/wp\/v2\/media?parent=809"}],"curies":[{"name":"wp","href":"https:\/\/api.w.org\/{rel}","templated":true}]}}